{"id":76057,"date":"2021-06-02T19:29:24","date_gmt":"2021-06-02T17:29:24","guid":{"rendered":"https:\/\/www.uges-isere.fr\/?page_id=76057"},"modified":"2021-06-11T17:18:27","modified_gmt":"2021-06-11T15:18:27","slug":"proposition-31","status":"publish","type":"page","link":"https:\/\/www.uges-isere.fr\/index.php\/proposition-31\/","title":{"rendered":"Proposition : Mobilisation citoyenne"},"content":{"rendered":"\n<p><strong><strong>Associer les habitants dans un grand programme de mobilisation citoyenne pour un d\u00e9veloppement harmonieux des territoires ruraux et montagnards <\/strong>: cr\u00e9er des territoires pilotes d\u2019usages partag\u00e9s pour le bien vivre ensemble<\/strong><\/p>\n\n\n\n<div class=\"wp-block-group alignfull\"><div class=\"wp-block-group__inner-container is-layout-flow wp-block-group-is-layout-flow\">\n<h5 class=\"wp-block-heading\"> <\/h5>\n\n\n\n<div class=\"wp-block-columns is-layout-flex wp-container-core-columns-is-layout-9d6595d7 wp-block-columns-is-layout-flex\">\n<div class=\"wp-block-column is-layout-flow wp-block-column-is-layout-flow\" style=\"flex-basis:5%\"><\/div>\n\n\n\n<div class=\"wp-block-column is-layout-flow wp-block-column-is-layout-flow\">\n<p>Obligatoire depuis 2011, le rapport \u201cd\u00e9veloppement durable\u201d est un document produit annuellement par une collectivit\u00e9 pour faire un bilan des actions men\u00e9es et des r\u00e9sultats observ\u00e9s en mati\u00e8re de d\u00e9veloppement durable. Il doit \u00eatre d\u00e9battu dans la m\u00eame temporalit\u00e9 que le d\u00e9bat d\u2019orientations budg\u00e9taires; en cela, il est cens\u00e9 \u00eatre \u00e9galement une boussole pour les orientations budg\u00e9taires.&nbsp;<\/p>\n\n\n\n<p><\/p>\n\n\n\n<p><\/p>\n\n\n\n<p> <\/p>\n<\/div>\n\n\n\n<div class=\"wp-block-column is-layout-flow wp-block-column-is-layout-flow\">\n<p>Le D\u00e9partement de&nbsp; l\u2019Is\u00e8re a fait le choix de fusionner le rapport de d\u00e9veloppement durable et le rapport d\u2019activit\u00e9 et de le pr\u00e9senter en avril bien loin du d\u00e9bat budg\u00e9taire. Ce choix a d\u2019ailleurs \u00e9t\u00e9 critiqu\u00e9 par la Chambre r\u00e9gionale des comptes dans son dernier rapport : le rapport ne pr\u00e9sente \u00ab pas d\u2019indicateurs pr\u00e9cis \u00bb, qui assureraient \u00ab un r\u00e9el suivi et une \u00e9valuation des politiques publiques \u00bb. De plus, sa pr\u00e9sentation est \u00ab trop \u00e9loign\u00e9e des d\u00e9bats budg\u00e9taires \u00bb<\/p>\n<\/div>\n<\/div>\n<\/div><\/div>\n\n\n\n<div class=\"wp-block-group has-background\" style=\"background-color:#f3f2ed\"><div class=\"wp-block-group__inner-container is-layout-flow wp-block-group-is-layout-flow\">\n<div class=\"wp-block-columns alignfull are-vertically-aligned-top is-layout-flex wp-container-core-columns-is-layout-9d6595d7 wp-block-columns-is-layout-flex\">\n<div class=\"wp-block-column is-vertically-aligned-top is-layout-flow wp-block-column-is-layout-flow\">\n<h6 class=\"has-text-align-left wp-block-heading\"><span class=\"has-inline-color has-vivid-red-color\">\u25cf<\/span><span class=\"has-inline-color has-black-color\"> Dans sa \u00ab Strat\u00e9gie Nationale Bas Carbone \u00bb r\u00e9dig\u00e9 en coh\u00e9rence avec l\u2019accord de Paris sur le Climat, la France s\u2019engage \u00e0 r\u00e9duire de 27% \u00e0 l\u2019horizon 2028 ses \u00e9missions de gaz \u00e0 effet de serre par rapport \u00e0 2013 (-73% \u00e0 l\u2019horizon 2050).<\/span><\/h6>\n<\/div>\n\n\n\n<div class=\"wp-block-column is-vertically-aligned-top is-layout-flow wp-block-column-is-layout-flow\">\n<h6 class=\"has-text-align-left wp-block-heading\"><span class=\"has-inline-color has-vivid-red-color\">\u25cf<\/span> <span class=\"has-inline-color has-black-color\">Le Code de l\u2019Environnement impose aux d\u00e9partements de dresser un bilan Carbone sur son patrimoine et ses comp\u00e9tences. Les d\u00e9partements doivent assortir ce bilan d\u2019un plan d\u2019action pour r\u00e9duire ses \u00e9missions.<\/span><\/h6>\n<\/div>\n\n\n\n<div class=\"wp-block-column is-vertically-aligned-top is-layout-flow wp-block-column-is-layout-flow\">\n<h6 class=\"has-text-align-left wp-block-heading\"><span class=\"has-inline-color has-vivid-red-color\">\u25cf<\/span> <span class=\"has-inline-color has-black-color\">En d\u00e9cembre 2017, conform\u00e9ment \u00e0 la loi, le D\u00e9partement a fait voter un plan de r\u00e9duction des gaz \u00e0 effet de serre. Le seul objectif affich\u00e9 consistait en une r\u00e9duction des \u00e9missions de 3% entre 2015 et 2020, en de\u00e7a de la trajectoire impos\u00e9e par la \u201cStrat\u00e9gie Nationale Bas Carbone\u201d nationale.<\/span><\/h6>\n<\/div>\n\n\n\n<div class=\"wp-block-column is-vertically-aligned-top is-layout-flow wp-block-column-is-layout-flow\">\n<h6 class=\"has-text-align-left wp-block-heading\"><span class=\"has-inline-color has-vivid-red-color\">\u25cf<\/span> <span class=\"has-inline-color has-black-color\">De surcroit, celui-ci ne comportait aucun objectif chiffr\u00e9 au del\u00e0 de 2020. Enfin, aucune \u00e9valuation n\u2019a \u00e9t\u00e9 faite des premi\u00e8res mesures adopt\u00e9es en 2017.<\/span><\/h6>\n<\/div>\n<\/div>\n<\/div><\/div>\n\n\n\n<div class=\"wp-block-group alignfull\"><div class=\"wp-block-group__inner-container is-layout-flow wp-block-group-is-layout-flow\">\n<h2 class=\"wp-block-heading\">Notre proposition, en d\u00e9tail. <\/h2>\n\n\n\n<div class=\"wp-block-columns alignwide is-layout-flex wp-container-core-columns-is-layout-9d6595d7 wp-block-columns-is-layout-flex\">\n<div class=\"wp-block-column is-layout-flow wp-block-column-is-layout-flow\"><\/div>\n\n\n\n<div class=\"wp-block-column is-layout-flow wp-block-column-is-layout-flow\"><\/div>\n\n\n\n<div class=\"wp-block-column is-layout-flow wp-block-column-is-layout-flow\"><\/div>\n<\/div>\n\n\n\n<p>Il est propos\u00e9 de redonner une place centrale au rapport de d\u00e9veloppement durable dans l\u2019\u00e9valuation des politiques publiques et la construction budg\u00e9taire. Il importera d\u2019int\u00e9grer dans ce rapport des indicateurs pr\u00e9cis au del\u00e0 des seules <a href=\"https:\/\/www.banquedesterritoires.fr\/rapport-des-collectivites-sur-le-developpement-durable-le-contenu-est-fixe\">recommandations de la loi<\/a>. Cela inclut notamment un bilan au moins bi-annuel des \u00e9missions de gaz \u00e0 effet de serre de la collectivit\u00e9 pour \u00e9valuer l\u2019efficacit\u00e9 du plan de r\u00e9duction des gaz \u00e0 effet de serre. L\u2019int\u00e9gration d\u2019indicateurs sp\u00e9cifiques \u00e0 la biodiversit\u00e9 devront aussi \u00eatre int\u00e9gr\u00e9s.&nbsp;<\/p>\n\n\n\n<p>En compl\u00e9ment du rapport d\u00e9veloppement durable, qui rend compte des actions pass\u00e9es, la construction budg\u00e9taire devra aussi de fa\u00e7on prospective int\u00e9grer l\u2019impact carbone du budget. Pour cela, des<a href=\"https:\/\/www.i4ce.org\/themes\/climat-territoires-et-collectivites-locales\/\"> cabinets sp\u00e9cialis\u00e9s comme I4CE<\/a> pourront assister la collectivit\u00e9 et former des agents d\u00e9di\u00e9s \u00e0 cette t\u00e2che. Les investissements qui engagent le D\u00e9partement \u00e0 long terme int\u00e8greront \u00e9galement le co\u00fbt carbone associ\u00e9 (voir par ailleurs la proposition 37 sur les conventions citoyennes).<\/p>\n\n\n\n<p>Les communes et intercommunalit\u00e9s, acteurs centraux de la transition \u00e9cologique, seront accompagn\u00e9s prioritairement en ce sens dans leurs projet via le dispositif des aides territoriales, dont le budget annuel de 32 millions d\u2019euros sera sanctuaris\u00e9.&nbsp;<\/p>\n\n\n\n<p><img loading=\"lazy\" decoding=\"async\" width=\"50\" height=\"50\" class=\"wp-image-61998\" style=\"width: 50px;\" src=\"https:\/\/www.uges-isere.fr\/wp-content\/uploads\/2021\/05\/leaf.png\" alt=\"\">co\u00fbt de formation \u00e0 la budg\u00e9tisation sensible \u00e0 l\u2019impact \u00e9cologique \u00e0 destination du personnel du d\u00e9partement<\/p>\n\n\n\n<p><img loading=\"lazy\" decoding=\"async\" width=\"50\" height=\"50\" class=\"wp-image-61997\" style=\"width: 50px;\" src=\"https:\/\/www.uges-isere.fr\/wp-content\/uploads\/2021\/05\/certificate.png\" alt=\"\">co\u00fbt en temps pour l\u2019\u00e9laboration de grilles de crit\u00e8res pertinents \u00e0 partir de travaux d\u00e9j\u00e0 existants (guide m\u00e9thodologique type I4CE d\u2019une budg\u00e9tisation pour le climat par exemple)<\/p>\n\n\n\n<p>Des progr\u00e8s ont certes \u00e9t\u00e9 accomplis ces derni\u00e8res ann\u00e9es sur une repr\u00e9sentation plus \u00e9quitable des femmes&nbsp; au sein de l&rsquo;institution d\u00e9partementale en application de la <em>loi pour l\u2019\u00e9galit\u00e9 r\u00e9elle entre les femmes et les hommes <\/em>du 4 ao\u00fbt 2014. Toutefois, le d\u00e9partement n&rsquo;a pas mis en place de plan pluriannuel ambitieux qui rendrait syst\u00e9matique un questionnement sur l&rsquo;\u00e9galit\u00e9 entre les femmes et les hommes \u00e0 chaque d\u00e9cision politique, attribution de subventions ou bien de march\u00e9 public.<\/p>\n<\/div><\/div>\n","protected":false},"excerpt":{"rendered":"<p>Associer les habitants dans un grand programme de mobilisation citoyenne pour un d\u00e9veloppement harmonieux des territoires ruraux et &hellip; <\/p>\n","protected":false},"author":8,"featured_media":0,"parent":0,"menu_order":0,"comment_status":"closed","ping_status":"closed","template":"","meta":{"_mc_calendar":[],"footnotes":""},"class_list":["post-76057","page","type-page","status-publish","hentry"],"yoast_head":"<!-- This site is optimized with the Yoast SEO plugin v27.5 - https:\/\/yoast.com\/product\/yoast-seo-wordpress\/ -->\n<title>Proposition : Mobilisation citoyenne - D\u00e9partement de l&#039;Is\u00e8re<\/title>\n<meta name=\"robots\" content=\"index, follow, max-snippet:-1, max-image-preview:large, max-video-preview:-1\" \/>\n<link rel=\"canonical\" href=\"https:\/\/www.uges-isere.fr\/index.php\/proposition-31\/\" \/>\n<meta property=\"og:locale\" content=\"fr_FR\" \/>\n<meta property=\"og:type\" content=\"article\" \/>\n<meta property=\"og:title\" content=\"Proposition : Mobilisation citoyenne - D\u00e9partement de l&#039;Is\u00e8re\" \/>\n<meta property=\"og:description\" content=\"Associer les habitants dans un grand programme de mobilisation citoyenne pour un d\u00e9veloppement harmonieux des territoires ruraux et &hellip;\" \/>\n<meta property=\"og:url\" content=\"https:\/\/www.uges-isere.fr\/index.php\/proposition-31\/\" \/>\n<meta property=\"og:site_name\" content=\"D\u00e9partement de l&#039;Is\u00e8re\" \/>\n<meta property=\"article:publisher\" content=\"https:\/\/www.facebook.com\/LePrintemps38\" \/>\n<meta property=\"article:modified_time\" content=\"2021-06-11T15:18:27+00:00\" \/>\n<meta property=\"og:image\" content=\"https:\/\/www.uges-isere.fr\/wp-content\/uploads\/2021\/05\/leaf.png\" \/>\n<meta name=\"twitter:card\" content=\"summary_large_image\" \/>\n<meta name=\"twitter:site\" content=\"@GroupeUGES38\" \/>\n<meta name=\"twitter:label1\" content=\"Dur\u00e9e de lecture estim\u00e9e\" \/>\n\t<meta name=\"twitter:data1\" content=\"4 minutes\" \/>\n<script type=\"application\/ld+json\" class=\"yoast-schema-graph\">{\"@context\":\"https:\\\/\\\/schema.org\",\"@graph\":[{\"@type\":\"WebPage\",\"@id\":\"https:\\\/\\\/www.uges-isere.fr\\\/index.php\\\/proposition-31\\\/\",\"url\":\"https:\\\/\\\/www.uges-isere.fr\\\/index.php\\\/proposition-31\\\/\",\"name\":\"Proposition : Mobilisation citoyenne - D\u00e9partement de l&#039;Is\u00e8re\",\"isPartOf\":{\"@id\":\"https:\\\/\\\/www.uges-isere.fr\\\/#website\"},\"primaryImageOfPage\":{\"@id\":\"https:\\\/\\\/www.uges-isere.fr\\\/index.php\\\/proposition-31\\\/#primaryimage\"},\"image\":{\"@id\":\"https:\\\/\\\/www.uges-isere.fr\\\/index.php\\\/proposition-31\\\/#primaryimage\"},\"thumbnailUrl\":\"https:\\\/\\\/www.uges-isere.fr\\\/wp-content\\\/uploads\\\/2021\\\/05\\\/leaf.png\",\"datePublished\":\"2021-06-02T17:29:24+00:00\",\"dateModified\":\"2021-06-11T15:18:27+00:00\",\"breadcrumb\":{\"@id\":\"https:\\\/\\\/www.uges-isere.fr\\\/index.php\\\/proposition-31\\\/#breadcrumb\"},\"inLanguage\":\"fr-FR\",\"potentialAction\":[{\"@type\":\"ReadAction\",\"target\":[\"https:\\\/\\\/www.uges-isere.fr\\\/index.php\\\/proposition-31\\\/\"]}]},{\"@type\":\"ImageObject\",\"inLanguage\":\"fr-FR\",\"@id\":\"https:\\\/\\\/www.uges-isere.fr\\\/index.php\\\/proposition-31\\\/#primaryimage\",\"url\":\"https:\\\/\\\/www.uges-isere.fr\\\/wp-content\\\/uploads\\\/2021\\\/05\\\/leaf.png\",\"contentUrl\":\"https:\\\/\\\/www.uges-isere.fr\\\/wp-content\\\/uploads\\\/2021\\\/05\\\/leaf.png\",\"width\":50,\"height\":50},{\"@type\":\"BreadcrumbList\",\"@id\":\"https:\\\/\\\/www.uges-isere.fr\\\/index.php\\\/proposition-31\\\/#breadcrumb\",\"itemListElement\":[{\"@type\":\"ListItem\",\"position\":1,\"name\":\"Accueil\",\"item\":\"https:\\\/\\\/www.uges-isere.fr\\\/\"},{\"@type\":\"ListItem\",\"position\":2,\"name\":\"Proposition : Mobilisation citoyenne\"}]},{\"@type\":\"WebSite\",\"@id\":\"https:\\\/\\\/www.uges-isere.fr\\\/#website\",\"url\":\"https:\\\/\\\/www.uges-isere.fr\\\/\",\"name\":\"D\u00e9partement de l&#039;Is\u00e8re\",\"description\":\"Groupe d&#039;opposition UGES\",\"publisher\":{\"@id\":\"https:\\\/\\\/www.uges-isere.fr\\\/#organization\"},\"potentialAction\":[{\"@type\":\"SearchAction\",\"target\":{\"@type\":\"EntryPoint\",\"urlTemplate\":\"https:\\\/\\\/www.uges-isere.fr\\\/?s={search_term_string}\"},\"query-input\":{\"@type\":\"PropertyValueSpecification\",\"valueRequired\":true,\"valueName\":\"search_term_string\"}}],\"inLanguage\":\"fr-FR\"},{\"@type\":\"Organization\",\"@id\":\"https:\\\/\\\/www.uges-isere.fr\\\/#organization\",\"name\":\"D\u00e9partement de l'Is\u00e8re\",\"url\":\"https:\\\/\\\/www.uges-isere.fr\\\/\",\"logo\":{\"@type\":\"ImageObject\",\"inLanguage\":\"fr-FR\",\"@id\":\"https:\\\/\\\/www.uges-isere.fr\\\/#\\\/schema\\\/logo\\\/image\\\/\",\"url\":\"https:\\\/\\\/www.uges-isere.fr\\\/wp-content\\\/uploads\\\/2021\\\/10\\\/logo-ok.png\",\"contentUrl\":\"https:\\\/\\\/www.uges-isere.fr\\\/wp-content\\\/uploads\\\/2021\\\/10\\\/logo-ok.png\",\"width\":2859,\"height\":1816,\"caption\":\"D\u00e9partement de l'Is\u00e8re\"},\"image\":{\"@id\":\"https:\\\/\\\/www.uges-isere.fr\\\/#\\\/schema\\\/logo\\\/image\\\/\"},\"sameAs\":[\"https:\\\/\\\/www.facebook.com\\\/LePrintemps38\",\"https:\\\/\\\/x.com\\\/GroupeUGES38\"]}]}<\/script>\n<!-- \/ Yoast SEO plugin. -->","yoast_head_json":{"title":"Proposition : Mobilisation citoyenne - D\u00e9partement de l&#039;Is\u00e8re","robots":{"index":"index","follow":"follow","max-snippet":"max-snippet:-1","max-image-preview":"max-image-preview:large","max-video-preview":"max-video-preview:-1"},"canonical":"https:\/\/www.uges-isere.fr\/index.php\/proposition-31\/","og_locale":"fr_FR","og_type":"article","og_title":"Proposition : Mobilisation citoyenne - D\u00e9partement de l&#039;Is\u00e8re","og_description":"Associer les habitants dans un grand programme de mobilisation citoyenne pour un d\u00e9veloppement harmonieux des territoires ruraux et &hellip;","og_url":"https:\/\/www.uges-isere.fr\/index.php\/proposition-31\/","og_site_name":"D\u00e9partement de l&#039;Is\u00e8re","article_publisher":"https:\/\/www.facebook.com\/LePrintemps38","article_modified_time":"2021-06-11T15:18:27+00:00","og_image":[{"url":"https:\/\/www.uges-isere.fr\/wp-content\/uploads\/2021\/05\/leaf.png","type":"","width":"","height":""}],"twitter_card":"summary_large_image","twitter_site":"@GroupeUGES38","twitter_misc":{"Dur\u00e9e de lecture estim\u00e9e":"4 minutes"},"schema":{"@context":"https:\/\/schema.org","@graph":[{"@type":"WebPage","@id":"https:\/\/www.uges-isere.fr\/index.php\/proposition-31\/","url":"https:\/\/www.uges-isere.fr\/index.php\/proposition-31\/","name":"Proposition : Mobilisation citoyenne - D\u00e9partement de l&#039;Is\u00e8re","isPartOf":{"@id":"https:\/\/www.uges-isere.fr\/#website"},"primaryImageOfPage":{"@id":"https:\/\/www.uges-isere.fr\/index.php\/proposition-31\/#primaryimage"},"image":{"@id":"https:\/\/www.uges-isere.fr\/index.php\/proposition-31\/#primaryimage"},"thumbnailUrl":"https:\/\/www.uges-isere.fr\/wp-content\/uploads\/2021\/05\/leaf.png","datePublished":"2021-06-02T17:29:24+00:00","dateModified":"2021-06-11T15:18:27+00:00","breadcrumb":{"@id":"https:\/\/www.uges-isere.fr\/index.php\/proposition-31\/#breadcrumb"},"inLanguage":"fr-FR","potentialAction":[{"@type":"ReadAction","target":["https:\/\/www.uges-isere.fr\/index.php\/proposition-31\/"]}]},{"@type":"ImageObject","inLanguage":"fr-FR","@id":"https:\/\/www.uges-isere.fr\/index.php\/proposition-31\/#primaryimage","url":"https:\/\/www.uges-isere.fr\/wp-content\/uploads\/2021\/05\/leaf.png","contentUrl":"https:\/\/www.uges-isere.fr\/wp-content\/uploads\/2021\/05\/leaf.png","width":50,"height":50},{"@type":"BreadcrumbList","@id":"https:\/\/www.uges-isere.fr\/index.php\/proposition-31\/#breadcrumb","itemListElement":[{"@type":"ListItem","position":1,"name":"Accueil","item":"https:\/\/www.uges-isere.fr\/"},{"@type":"ListItem","position":2,"name":"Proposition : Mobilisation citoyenne"}]},{"@type":"WebSite","@id":"https:\/\/www.uges-isere.fr\/#website","url":"https:\/\/www.uges-isere.fr\/","name":"D\u00e9partement de l&#039;Is\u00e8re","description":"Groupe d&#039;opposition UGES","publisher":{"@id":"https:\/\/www.uges-isere.fr\/#organization"},"potentialAction":[{"@type":"SearchAction","target":{"@type":"EntryPoint","urlTemplate":"https:\/\/www.uges-isere.fr\/?s={search_term_string}"},"query-input":{"@type":"PropertyValueSpecification","valueRequired":true,"valueName":"search_term_string"}}],"inLanguage":"fr-FR"},{"@type":"Organization","@id":"https:\/\/www.uges-isere.fr\/#organization","name":"D\u00e9partement de l'Is\u00e8re","url":"https:\/\/www.uges-isere.fr\/","logo":{"@type":"ImageObject","inLanguage":"fr-FR","@id":"https:\/\/www.uges-isere.fr\/#\/schema\/logo\/image\/","url":"https:\/\/www.uges-isere.fr\/wp-content\/uploads\/2021\/10\/logo-ok.png","contentUrl":"https:\/\/www.uges-isere.fr\/wp-content\/uploads\/2021\/10\/logo-ok.png","width":2859,"height":1816,"caption":"D\u00e9partement de l'Is\u00e8re"},"image":{"@id":"https:\/\/www.uges-isere.fr\/#\/schema\/logo\/image\/"},"sameAs":["https:\/\/www.facebook.com\/LePrintemps38","https:\/\/x.com\/GroupeUGES38"]}]}},"_links":{"self":[{"href":"https:\/\/www.uges-isere.fr\/index.php\/wp-json\/wp\/v2\/pages\/76057","targetHints":{"allow":["GET"]}}],"collection":[{"href":"https:\/\/www.uges-isere.fr\/index.php\/wp-json\/wp\/v2\/pages"}],"about":[{"href":"https:\/\/www.uges-isere.fr\/index.php\/wp-json\/wp\/v2\/types\/page"}],"author":[{"embeddable":true,"href":"https:\/\/www.uges-isere.fr\/index.php\/wp-json\/wp\/v2\/users\/8"}],"replies":[{"embeddable":true,"href":"https:\/\/www.uges-isere.fr\/index.php\/wp-json\/wp\/v2\/comments?post=76057"}],"version-history":[{"count":2,"href":"https:\/\/www.uges-isere.fr\/index.php\/wp-json\/wp\/v2\/pages\/76057\/revisions"}],"predecessor-version":[{"id":87552,"href":"https:\/\/www.uges-isere.fr\/index.php\/wp-json\/wp\/v2\/pages\/76057\/revisions\/87552"}],"wp:attachment":[{"href":"https:\/\/www.uges-isere.fr\/index.php\/wp-json\/wp\/v2\/media?parent=76057"}],"curies":[{"name":"wp","href":"https:\/\/api.w.org\/{rel}","templated":true}]}}