{"id":524558,"date":"2022-07-07T09:17:26","date_gmt":"2022-07-07T07:17:26","guid":{"rendered":"https:\/\/www.uges-isere.fr\/?page_id=524558"},"modified":"2022-08-29T16:33:58","modified_gmt":"2022-08-29T14:33:58","slug":"festival-ouverture-exceptionnelle","status":"publish","type":"page","link":"https:\/\/www.uges-isere.fr\/index.php\/festival-ouverture-exceptionnelle\/","title":{"rendered":"Projet &#8211; Festival \u00ab\u00a0Ouverture Exceptionnelle\u00a0\u00bb (Cie Scal\u00e8ne)"},"content":{"rendered":"\n<p><strong>La compagnie Scal\u00e8ne<\/strong> est une compagnie de danse engag\u00e9e depuis plus de 20 ans sur le territoire et port\u00e9e par Youtci Erdos et Manuel Chabanis. Leur travail de cr\u00e9ation les a amen\u00e9s \u00e0 s\u2019interroger sur la place du corps, du mouvement, du silence, des mots, des gens, de l\u2019histoire. En parall\u00e8le, de nombreux projets de territoire se sont tiss\u00e9s et trouvent leur place dans les lieux atypiques au plus pr\u00e8s des personnes qui les habitent et les fr\u00e9quentent.<\/p>\n\n\n\n<p>C\u2019est en se questionnant sur notre rapport \u00e0 la ville, ce qu\u2019elle est aujourd\u2019hui et ce qu\u2019elle pourrait \u00eatre demain \u00e0 l\u2019heure des questions de transitions sociales et climatiques que l\u2019id\u00e9e du <strong>festival Ouverture Exceptionnelle<\/strong> est n\u00e9e&nbsp;: et si nos vitrines vides devenaient des espaces de rencontres, d\u2019\u00e9changes, de cr\u00e9ation sous un angle autre que celui de l\u2019\u00e9change mon\u00e9taire.<\/p>\n\n\n\n<p>Ainsi durant une quinzaine de jours, les boutiques ferm\u00e9es sont r\u00e9-ouvertes, celles en activit\u00e9s se permettent un pas de cot\u00e9 dans leurs activit\u00e9s habituelles pour accueillir des artistes en r\u00e9sidences, des ateliers, des repr\u00e9sentations, des performances,\u2026 L\u2019espace d\u2019un festival, le cours Berriat devient un village.<\/p>\n\n\n\n<p>En 2022, la <strong>Cie Les Inachev\u00e9s \/ Mo\u00efse Tour\u00e9<\/strong> est artiste associ\u00e9 et impulse la th\u00e9matique de \u00ab<strong> l\u2019hospitalit\u00e9 <\/strong>\u00bb. Cette th\u00e9matique sera le moteur des actions des artistes, des commer\u00e7ants, des habitants et nous la posons comme un acte fondateur de cette 4<sup>\u00e8me<\/sup> \u00e9dition.<\/p>\n\n\n\n<figure class=\"wp-block-embed is-type-video is-provider-youtube wp-block-embed-youtube wp-embed-aspect-16-9 wp-has-aspect-ratio\"><div class=\"wp-block-embed__wrapper\">\n<iframe loading=\"lazy\" title=\"Projet Festival &quot;Ouverture Exceptionnelle&quot; - La Compagnie Scal\u00e8ne\" width=\"1200\" height=\"675\" src=\"https:\/\/www.youtube.com\/embed\/vL6ncsmglKM?feature=oembed\" frameborder=\"0\" allow=\"accelerometer; autoplay; clipboard-write; encrypted-media; gyroscope; picture-in-picture\" allowfullscreen title=\"Projet Festival \"Ouverture Exceptionnelle\" - La Compagnie Scal\u00e8ne\"><\/iframe>\n<\/div><\/figure>\n","protected":false},"excerpt":{"rendered":"<p>La compagnie Scal\u00e8ne est une compagnie de danse engag\u00e9e depuis plus de 20 ans sur le territoire et &hellip; <\/p>\n","protected":false},"author":8,"featured_media":542753,"parent":0,"menu_order":0,"comment_status":"closed","ping_status":"closed","template":"","meta":{"_mc_calendar":[],"footnotes":""},"class_list":["post-524558","page","type-page","status-publish","has-post-thumbnail","hentry"],"yoast_head":"<!-- This site is optimized with the Yoast SEO plugin v27.5 - https:\/\/yoast.com\/product\/yoast-seo-wordpress\/ -->\n<title>Projet - Festival &quot;Ouverture Exceptionnelle&quot; (Cie Scal\u00e8ne) - D\u00e9partement de l&#039;Is\u00e8re<\/title>\n<meta name=\"robots\" content=\"index, follow, max-snippet:-1, max-image-preview:large, max-video-preview:-1\" \/>\n<link rel=\"canonical\" href=\"https:\/\/www.uges-isere.fr\/index.php\/festival-ouverture-exceptionnelle\/\" \/>\n<meta property=\"og:locale\" content=\"fr_FR\" \/>\n<meta property=\"og:type\" content=\"article\" \/>\n<meta property=\"og:title\" content=\"Projet - Festival &quot;Ouverture Exceptionnelle&quot; (Cie Scal\u00e8ne) - D\u00e9partement de l&#039;Is\u00e8re\" \/>\n<meta property=\"og:description\" content=\"La compagnie Scal\u00e8ne est une compagnie de danse engag\u00e9e depuis plus de 20 ans sur le territoire et &hellip;\" \/>\n<meta property=\"og:url\" content=\"https:\/\/www.uges-isere.fr\/index.php\/festival-ouverture-exceptionnelle\/\" \/>\n<meta property=\"og:site_name\" content=\"D\u00e9partement de l&#039;Is\u00e8re\" \/>\n<meta property=\"article:publisher\" content=\"https:\/\/www.facebook.com\/LePrintemps38\" \/>\n<meta property=\"article:modified_time\" content=\"2022-08-29T14:33:58+00:00\" \/>\n<meta property=\"og:image\" content=\"https:\/\/www.uges-isere.fr\/wp-content\/uploads\/2022\/07\/IMG-CHRISTOO-DURON.jpg\" \/>\n\t<meta property=\"og:image:width\" content=\"1686\" \/>\n\t<meta property=\"og:image:height\" content=\"1125\" \/>\n\t<meta property=\"og:image:type\" content=\"image\/jpeg\" \/>\n<meta name=\"twitter:card\" content=\"summary_large_image\" \/>\n<meta name=\"twitter:site\" content=\"@GroupeUGES38\" \/>\n<meta name=\"twitter:label1\" content=\"Dur\u00e9e de lecture estim\u00e9e\" \/>\n\t<meta name=\"twitter:data1\" content=\"1 minute\" \/>\n<script type=\"application\/ld+json\" class=\"yoast-schema-graph\">{\"@context\":\"https:\\\/\\\/schema.org\",\"@graph\":[{\"@type\":\"WebPage\",\"@id\":\"https:\\\/\\\/www.uges-isere.fr\\\/index.php\\\/festival-ouverture-exceptionnelle\\\/\",\"url\":\"https:\\\/\\\/www.uges-isere.fr\\\/index.php\\\/festival-ouverture-exceptionnelle\\\/\",\"name\":\"Projet - Festival \\\"Ouverture Exceptionnelle\\\" (Cie Scal\u00e8ne) - D\u00e9partement de l&#039;Is\u00e8re\",\"isPartOf\":{\"@id\":\"https:\\\/\\\/www.uges-isere.fr\\\/#website\"},\"primaryImageOfPage\":{\"@id\":\"https:\\\/\\\/www.uges-isere.fr\\\/index.php\\\/festival-ouverture-exceptionnelle\\\/#primaryimage\"},\"image\":{\"@id\":\"https:\\\/\\\/www.uges-isere.fr\\\/index.php\\\/festival-ouverture-exceptionnelle\\\/#primaryimage\"},\"thumbnailUrl\":\"https:\\\/\\\/www.uges-isere.fr\\\/wp-content\\\/uploads\\\/2022\\\/07\\\/IMG-CHRISTOO-DURON.jpg\",\"datePublished\":\"2022-07-07T07:17:26+00:00\",\"dateModified\":\"2022-08-29T14:33:58+00:00\",\"breadcrumb\":{\"@id\":\"https:\\\/\\\/www.uges-isere.fr\\\/index.php\\\/festival-ouverture-exceptionnelle\\\/#breadcrumb\"},\"inLanguage\":\"fr-FR\",\"potentialAction\":[{\"@type\":\"ReadAction\",\"target\":[\"https:\\\/\\\/www.uges-isere.fr\\\/index.php\\\/festival-ouverture-exceptionnelle\\\/\"]}]},{\"@type\":\"ImageObject\",\"inLanguage\":\"fr-FR\",\"@id\":\"https:\\\/\\\/www.uges-isere.fr\\\/index.php\\\/festival-ouverture-exceptionnelle\\\/#primaryimage\",\"url\":\"https:\\\/\\\/www.uges-isere.fr\\\/wp-content\\\/uploads\\\/2022\\\/07\\\/IMG-CHRISTOO-DURON.jpg\",\"contentUrl\":\"https:\\\/\\\/www.uges-isere.fr\\\/wp-content\\\/uploads\\\/2022\\\/07\\\/IMG-CHRISTOO-DURON.jpg\",\"width\":1686,\"height\":1125},{\"@type\":\"BreadcrumbList\",\"@id\":\"https:\\\/\\\/www.uges-isere.fr\\\/index.php\\\/festival-ouverture-exceptionnelle\\\/#breadcrumb\",\"itemListElement\":[{\"@type\":\"ListItem\",\"position\":1,\"name\":\"Accueil\",\"item\":\"https:\\\/\\\/www.uges-isere.fr\\\/\"},{\"@type\":\"ListItem\",\"position\":2,\"name\":\"Projet &#8211; Festival &#8220;Ouverture Exceptionnelle&#8221; (Cie Scal\u00e8ne)\"}]},{\"@type\":\"WebSite\",\"@id\":\"https:\\\/\\\/www.uges-isere.fr\\\/#website\",\"url\":\"https:\\\/\\\/www.uges-isere.fr\\\/\",\"name\":\"D\u00e9partement de l&#039;Is\u00e8re\",\"description\":\"Groupe d&#039;opposition UGES\",\"publisher\":{\"@id\":\"https:\\\/\\\/www.uges-isere.fr\\\/#organization\"},\"potentialAction\":[{\"@type\":\"SearchAction\",\"target\":{\"@type\":\"EntryPoint\",\"urlTemplate\":\"https:\\\/\\\/www.uges-isere.fr\\\/?s={search_term_string}\"},\"query-input\":{\"@type\":\"PropertyValueSpecification\",\"valueRequired\":true,\"valueName\":\"search_term_string\"}}],\"inLanguage\":\"fr-FR\"},{\"@type\":\"Organization\",\"@id\":\"https:\\\/\\\/www.uges-isere.fr\\\/#organization\",\"name\":\"D\u00e9partement de l'Is\u00e8re\",\"url\":\"https:\\\/\\\/www.uges-isere.fr\\\/\",\"logo\":{\"@type\":\"ImageObject\",\"inLanguage\":\"fr-FR\",\"@id\":\"https:\\\/\\\/www.uges-isere.fr\\\/#\\\/schema\\\/logo\\\/image\\\/\",\"url\":\"https:\\\/\\\/www.uges-isere.fr\\\/wp-content\\\/uploads\\\/2021\\\/10\\\/logo-ok.png\",\"contentUrl\":\"https:\\\/\\\/www.uges-isere.fr\\\/wp-content\\\/uploads\\\/2021\\\/10\\\/logo-ok.png\",\"width\":2859,\"height\":1816,\"caption\":\"D\u00e9partement de l'Is\u00e8re\"},\"image\":{\"@id\":\"https:\\\/\\\/www.uges-isere.fr\\\/#\\\/schema\\\/logo\\\/image\\\/\"},\"sameAs\":[\"https:\\\/\\\/www.facebook.com\\\/LePrintemps38\",\"https:\\\/\\\/x.com\\\/GroupeUGES38\"]}]}<\/script>\n<!-- \/ Yoast SEO plugin. -->","yoast_head_json":{"title":"Projet - Festival \"Ouverture Exceptionnelle\" (Cie Scal\u00e8ne) - D\u00e9partement de l&#039;Is\u00e8re","robots":{"index":"index","follow":"follow","max-snippet":"max-snippet:-1","max-image-preview":"max-image-preview:large","max-video-preview":"max-video-preview:-1"},"canonical":"https:\/\/www.uges-isere.fr\/index.php\/festival-ouverture-exceptionnelle\/","og_locale":"fr_FR","og_type":"article","og_title":"Projet - Festival \"Ouverture Exceptionnelle\" (Cie Scal\u00e8ne) - D\u00e9partement de l&#039;Is\u00e8re","og_description":"La compagnie Scal\u00e8ne est une compagnie de danse engag\u00e9e depuis plus de 20 ans sur le territoire et &hellip;","og_url":"https:\/\/www.uges-isere.fr\/index.php\/festival-ouverture-exceptionnelle\/","og_site_name":"D\u00e9partement de l&#039;Is\u00e8re","article_publisher":"https:\/\/www.facebook.com\/LePrintemps38","article_modified_time":"2022-08-29T14:33:58+00:00","og_image":[{"width":1686,"height":1125,"url":"https:\/\/www.uges-isere.fr\/wp-content\/uploads\/2022\/07\/IMG-CHRISTOO-DURON.jpg","type":"image\/jpeg"}],"twitter_card":"summary_large_image","twitter_site":"@GroupeUGES38","twitter_misc":{"Dur\u00e9e de lecture estim\u00e9e":"1 minute"},"schema":{"@context":"https:\/\/schema.org","@graph":[{"@type":"WebPage","@id":"https:\/\/www.uges-isere.fr\/index.php\/festival-ouverture-exceptionnelle\/","url":"https:\/\/www.uges-isere.fr\/index.php\/festival-ouverture-exceptionnelle\/","name":"Projet - Festival \"Ouverture Exceptionnelle\" (Cie Scal\u00e8ne) - D\u00e9partement de l&#039;Is\u00e8re","isPartOf":{"@id":"https:\/\/www.uges-isere.fr\/#website"},"primaryImageOfPage":{"@id":"https:\/\/www.uges-isere.fr\/index.php\/festival-ouverture-exceptionnelle\/#primaryimage"},"image":{"@id":"https:\/\/www.uges-isere.fr\/index.php\/festival-ouverture-exceptionnelle\/#primaryimage"},"thumbnailUrl":"https:\/\/www.uges-isere.fr\/wp-content\/uploads\/2022\/07\/IMG-CHRISTOO-DURON.jpg","datePublished":"2022-07-07T07:17:26+00:00","dateModified":"2022-08-29T14:33:58+00:00","breadcrumb":{"@id":"https:\/\/www.uges-isere.fr\/index.php\/festival-ouverture-exceptionnelle\/#breadcrumb"},"inLanguage":"fr-FR","potentialAction":[{"@type":"ReadAction","target":["https:\/\/www.uges-isere.fr\/index.php\/festival-ouverture-exceptionnelle\/"]}]},{"@type":"ImageObject","inLanguage":"fr-FR","@id":"https:\/\/www.uges-isere.fr\/index.php\/festival-ouverture-exceptionnelle\/#primaryimage","url":"https:\/\/www.uges-isere.fr\/wp-content\/uploads\/2022\/07\/IMG-CHRISTOO-DURON.jpg","contentUrl":"https:\/\/www.uges-isere.fr\/wp-content\/uploads\/2022\/07\/IMG-CHRISTOO-DURON.jpg","width":1686,"height":1125},{"@type":"BreadcrumbList","@id":"https:\/\/www.uges-isere.fr\/index.php\/festival-ouverture-exceptionnelle\/#breadcrumb","itemListElement":[{"@type":"ListItem","position":1,"name":"Accueil","item":"https:\/\/www.uges-isere.fr\/"},{"@type":"ListItem","position":2,"name":"Projet &#8211; Festival &#8220;Ouverture Exceptionnelle&#8221; (Cie Scal\u00e8ne)"}]},{"@type":"WebSite","@id":"https:\/\/www.uges-isere.fr\/#website","url":"https:\/\/www.uges-isere.fr\/","name":"D\u00e9partement de l&#039;Is\u00e8re","description":"Groupe d&#039;opposition UGES","publisher":{"@id":"https:\/\/www.uges-isere.fr\/#organization"},"potentialAction":[{"@type":"SearchAction","target":{"@type":"EntryPoint","urlTemplate":"https:\/\/www.uges-isere.fr\/?s={search_term_string}"},"query-input":{"@type":"PropertyValueSpecification","valueRequired":true,"valueName":"search_term_string"}}],"inLanguage":"fr-FR"},{"@type":"Organization","@id":"https:\/\/www.uges-isere.fr\/#organization","name":"D\u00e9partement de l'Is\u00e8re","url":"https:\/\/www.uges-isere.fr\/","logo":{"@type":"ImageObject","inLanguage":"fr-FR","@id":"https:\/\/www.uges-isere.fr\/#\/schema\/logo\/image\/","url":"https:\/\/www.uges-isere.fr\/wp-content\/uploads\/2021\/10\/logo-ok.png","contentUrl":"https:\/\/www.uges-isere.fr\/wp-content\/uploads\/2021\/10\/logo-ok.png","width":2859,"height":1816,"caption":"D\u00e9partement de l'Is\u00e8re"},"image":{"@id":"https:\/\/www.uges-isere.fr\/#\/schema\/logo\/image\/"},"sameAs":["https:\/\/www.facebook.com\/LePrintemps38","https:\/\/x.com\/GroupeUGES38"]}]}},"_links":{"self":[{"href":"https:\/\/www.uges-isere.fr\/index.php\/wp-json\/wp\/v2\/pages\/524558","targetHints":{"allow":["GET"]}}],"collection":[{"href":"https:\/\/www.uges-isere.fr\/index.php\/wp-json\/wp\/v2\/pages"}],"about":[{"href":"https:\/\/www.uges-isere.fr\/index.php\/wp-json\/wp\/v2\/types\/page"}],"author":[{"embeddable":true,"href":"https:\/\/www.uges-isere.fr\/index.php\/wp-json\/wp\/v2\/users\/8"}],"replies":[{"embeddable":true,"href":"https:\/\/www.uges-isere.fr\/index.php\/wp-json\/wp\/v2\/comments?post=524558"}],"version-history":[{"count":5,"href":"https:\/\/www.uges-isere.fr\/index.php\/wp-json\/wp\/v2\/pages\/524558\/revisions"}],"predecessor-version":[{"id":594606,"href":"https:\/\/www.uges-isere.fr\/index.php\/wp-json\/wp\/v2\/pages\/524558\/revisions\/594606"}],"wp:featuredmedia":[{"embeddable":true,"href":"https:\/\/www.uges-isere.fr\/index.php\/wp-json\/wp\/v2\/media\/542753"}],"wp:attachment":[{"href":"https:\/\/www.uges-isere.fr\/index.php\/wp-json\/wp\/v2\/media?parent=524558"}],"curies":[{"name":"wp","href":"https:\/\/api.w.org\/{rel}","templated":true}]}}