{"id":50317,"date":"2021-05-11T16:50:29","date_gmt":"2021-05-11T14:50:29","guid":{"rendered":"https:\/\/www.uges-isere.fr\/?page_id=50317"},"modified":"2021-06-07T10:16:42","modified_gmt":"2021-06-07T08:16:42","slug":"bievre","status":"publish","type":"page","link":"https:\/\/www.uges-isere.fr\/index.php\/bievre\/","title":{"rendered":"Canton de Bi\u00e8vre"},"content":{"rendered":"\n<h2 class=\"wp-block-heading\"><\/h2>\n\n\n\n<p><\/p>\n\n\n\n<p>&#8211; adresse mail de contact:\u00a0<a rel=\"noreferrer noopener\" href=\"mailto:bievre.pi@gmail.com\" target=\"_blank\">bievre.pi@gmail.com<\/a>&#8211; Pour nous rencontrer et \u00e9changer sur les march\u00e9s du territoire, nous serons pr\u00e9sents de <strong>9h00 \u00e0 11H00<\/strong>:<br><\/p>\n\n\n\n<p><strong>&#8211; Lundi 07\/06 \u00e0 Roybon,<\/strong><\/p>\n\n\n\n<p><strong>&#8211; Mardi 08\/06\u00a0 \u00e0 Viriville<\/strong><\/p>\n\n\n\n<p><strong>&#8211; Mercredi 09\/06 \u00e0 St Sim\u00e9on de Bressieux<\/strong><\/p>\n\n\n\n<p><strong>&#8211; Samedi 12\/06 \u00e0 La C\u00f4te Saint Andr\u00e9<\/strong><\/p>\n\n\n\n<p><strong>&#8211; Lundi 14\/06 \u00e0 St Etienne de St geoirs<\/strong><\/p>\n\n\n\n<p><strong>&#8211; Jeudi 17\/06 \u00e0 La C\u00f4te Saint Andr\u00e9<\/strong><\/p>\n\n\n\n<p><strong>&#8211; Vendredi 18\/06 \u00e0 Villeneuve de Marc<\/strong><\/p>\n\n\n\n<p><\/p>\n\n\n\n<p><\/p>\n\n\n\n<p>[tmm name=\u00a0\u00bbcanton-de-brieve\u00a0\u00bb]<\/p>\n\n\n\n<p>[dflip id=\u00a0\u00bb59803&Prime; ][\/dflip]<\/p>\n","protected":false},"excerpt":{"rendered":"<p>&#8211; adresse mail de contact:\u00a0bievre.pi@gmail.com&#8211; Pour nous rencontrer et \u00e9changer sur les march\u00e9s du territoire, nous serons pr\u00e9sents &hellip; <\/p>\n","protected":false},"author":1,"featured_media":0,"parent":0,"menu_order":0,"comment_status":"closed","ping_status":"closed","template":"","meta":{"_mc_calendar":[],"footnotes":""},"class_list":["post-50317","page","type-page","status-publish","hentry"],"yoast_head":"<!-- This site is optimized with the Yoast SEO plugin v27.5 - https:\/\/yoast.com\/product\/yoast-seo-wordpress\/ -->\n<title>Canton de Bi\u00e8vre - D\u00e9partement de l&#039;Is\u00e8re<\/title>\n<meta name=\"robots\" content=\"index, follow, max-snippet:-1, max-image-preview:large, max-video-preview:-1\" \/>\n<link rel=\"canonical\" href=\"https:\/\/www.uges-isere.fr\/index.php\/bievre\/\" \/>\n<meta property=\"og:locale\" content=\"fr_FR\" \/>\n<meta property=\"og:type\" content=\"article\" \/>\n<meta property=\"og:title\" content=\"Canton de Bi\u00e8vre - D\u00e9partement de l&#039;Is\u00e8re\" \/>\n<meta property=\"og:description\" content=\"&#8211; adresse mail de contact:\u00a0bievre.pi@gmail.com&#8211; Pour nous rencontrer et \u00e9changer sur les march\u00e9s du territoire, nous serons pr\u00e9sents &hellip;\" \/>\n<meta property=\"og:url\" content=\"https:\/\/www.uges-isere.fr\/index.php\/bievre\/\" \/>\n<meta property=\"og:site_name\" content=\"D\u00e9partement de l&#039;Is\u00e8re\" \/>\n<meta property=\"article:publisher\" content=\"https:\/\/www.facebook.com\/LePrintemps38\" \/>\n<meta property=\"article:modified_time\" content=\"2021-06-07T08:16:42+00:00\" \/>\n<meta name=\"twitter:card\" content=\"summary_large_image\" \/>\n<meta name=\"twitter:site\" content=\"@GroupeUGES38\" \/>\n<script type=\"application\/ld+json\" class=\"yoast-schema-graph\">{\"@context\":\"https:\\\/\\\/schema.org\",\"@graph\":[{\"@type\":\"WebPage\",\"@id\":\"https:\\\/\\\/www.uges-isere.fr\\\/index.php\\\/bievre\\\/\",\"url\":\"https:\\\/\\\/www.uges-isere.fr\\\/index.php\\\/bievre\\\/\",\"name\":\"Canton de Bi\u00e8vre - D\u00e9partement de l&#039;Is\u00e8re\",\"isPartOf\":{\"@id\":\"https:\\\/\\\/www.uges-isere.fr\\\/#website\"},\"datePublished\":\"2021-05-11T14:50:29+00:00\",\"dateModified\":\"2021-06-07T08:16:42+00:00\",\"breadcrumb\":{\"@id\":\"https:\\\/\\\/www.uges-isere.fr\\\/index.php\\\/bievre\\\/#breadcrumb\"},\"inLanguage\":\"fr-FR\",\"potentialAction\":[{\"@type\":\"ReadAction\",\"target\":[\"https:\\\/\\\/www.uges-isere.fr\\\/index.php\\\/bievre\\\/\"]}]},{\"@type\":\"BreadcrumbList\",\"@id\":\"https:\\\/\\\/www.uges-isere.fr\\\/index.php\\\/bievre\\\/#breadcrumb\",\"itemListElement\":[{\"@type\":\"ListItem\",\"position\":1,\"name\":\"Accueil\",\"item\":\"https:\\\/\\\/www.uges-isere.fr\\\/\"},{\"@type\":\"ListItem\",\"position\":2,\"name\":\"Canton de Bi\u00e8vre\"}]},{\"@type\":\"WebSite\",\"@id\":\"https:\\\/\\\/www.uges-isere.fr\\\/#website\",\"url\":\"https:\\\/\\\/www.uges-isere.fr\\\/\",\"name\":\"D\u00e9partement de l&#039;Is\u00e8re\",\"description\":\"Groupe d&#039;opposition UGES\",\"publisher\":{\"@id\":\"https:\\\/\\\/www.uges-isere.fr\\\/#organization\"},\"potentialAction\":[{\"@type\":\"SearchAction\",\"target\":{\"@type\":\"EntryPoint\",\"urlTemplate\":\"https:\\\/\\\/www.uges-isere.fr\\\/?s={search_term_string}\"},\"query-input\":{\"@type\":\"PropertyValueSpecification\",\"valueRequired\":true,\"valueName\":\"search_term_string\"}}],\"inLanguage\":\"fr-FR\"},{\"@type\":\"Organization\",\"@id\":\"https:\\\/\\\/www.uges-isere.fr\\\/#organization\",\"name\":\"D\u00e9partement de l'Is\u00e8re\",\"url\":\"https:\\\/\\\/www.uges-isere.fr\\\/\",\"logo\":{\"@type\":\"ImageObject\",\"inLanguage\":\"fr-FR\",\"@id\":\"https:\\\/\\\/www.uges-isere.fr\\\/#\\\/schema\\\/logo\\\/image\\\/\",\"url\":\"https:\\\/\\\/www.uges-isere.fr\\\/wp-content\\\/uploads\\\/2021\\\/10\\\/logo-ok.png\",\"contentUrl\":\"https:\\\/\\\/www.uges-isere.fr\\\/wp-content\\\/uploads\\\/2021\\\/10\\\/logo-ok.png\",\"width\":2859,\"height\":1816,\"caption\":\"D\u00e9partement de l'Is\u00e8re\"},\"image\":{\"@id\":\"https:\\\/\\\/www.uges-isere.fr\\\/#\\\/schema\\\/logo\\\/image\\\/\"},\"sameAs\":[\"https:\\\/\\\/www.facebook.com\\\/LePrintemps38\",\"https:\\\/\\\/x.com\\\/GroupeUGES38\"]}]}<\/script>\n<!-- \/ Yoast SEO plugin. -->","yoast_head_json":{"title":"Canton de Bi\u00e8vre - D\u00e9partement de l&#039;Is\u00e8re","robots":{"index":"index","follow":"follow","max-snippet":"max-snippet:-1","max-image-preview":"max-image-preview:large","max-video-preview":"max-video-preview:-1"},"canonical":"https:\/\/www.uges-isere.fr\/index.php\/bievre\/","og_locale":"fr_FR","og_type":"article","og_title":"Canton de Bi\u00e8vre - D\u00e9partement de l&#039;Is\u00e8re","og_description":"&#8211; adresse mail de contact:\u00a0bievre.pi@gmail.com&#8211; Pour nous rencontrer et \u00e9changer sur les march\u00e9s du territoire, nous serons pr\u00e9sents &hellip;","og_url":"https:\/\/www.uges-isere.fr\/index.php\/bievre\/","og_site_name":"D\u00e9partement de l&#039;Is\u00e8re","article_publisher":"https:\/\/www.facebook.com\/LePrintemps38","article_modified_time":"2021-06-07T08:16:42+00:00","twitter_card":"summary_large_image","twitter_site":"@GroupeUGES38","schema":{"@context":"https:\/\/schema.org","@graph":[{"@type":"WebPage","@id":"https:\/\/www.uges-isere.fr\/index.php\/bievre\/","url":"https:\/\/www.uges-isere.fr\/index.php\/bievre\/","name":"Canton de Bi\u00e8vre - D\u00e9partement de l&#039;Is\u00e8re","isPartOf":{"@id":"https:\/\/www.uges-isere.fr\/#website"},"datePublished":"2021-05-11T14:50:29+00:00","dateModified":"2021-06-07T08:16:42+00:00","breadcrumb":{"@id":"https:\/\/www.uges-isere.fr\/index.php\/bievre\/#breadcrumb"},"inLanguage":"fr-FR","potentialAction":[{"@type":"ReadAction","target":["https:\/\/www.uges-isere.fr\/index.php\/bievre\/"]}]},{"@type":"BreadcrumbList","@id":"https:\/\/www.uges-isere.fr\/index.php\/bievre\/#breadcrumb","itemListElement":[{"@type":"ListItem","position":1,"name":"Accueil","item":"https:\/\/www.uges-isere.fr\/"},{"@type":"ListItem","position":2,"name":"Canton de Bi\u00e8vre"}]},{"@type":"WebSite","@id":"https:\/\/www.uges-isere.fr\/#website","url":"https:\/\/www.uges-isere.fr\/","name":"D\u00e9partement de l&#039;Is\u00e8re","description":"Groupe d&#039;opposition UGES","publisher":{"@id":"https:\/\/www.uges-isere.fr\/#organization"},"potentialAction":[{"@type":"SearchAction","target":{"@type":"EntryPoint","urlTemplate":"https:\/\/www.uges-isere.fr\/?s={search_term_string}"},"query-input":{"@type":"PropertyValueSpecification","valueRequired":true,"valueName":"search_term_string"}}],"inLanguage":"fr-FR"},{"@type":"Organization","@id":"https:\/\/www.uges-isere.fr\/#organization","name":"D\u00e9partement de l'Is\u00e8re","url":"https:\/\/www.uges-isere.fr\/","logo":{"@type":"ImageObject","inLanguage":"fr-FR","@id":"https:\/\/www.uges-isere.fr\/#\/schema\/logo\/image\/","url":"https:\/\/www.uges-isere.fr\/wp-content\/uploads\/2021\/10\/logo-ok.png","contentUrl":"https:\/\/www.uges-isere.fr\/wp-content\/uploads\/2021\/10\/logo-ok.png","width":2859,"height":1816,"caption":"D\u00e9partement de l'Is\u00e8re"},"image":{"@id":"https:\/\/www.uges-isere.fr\/#\/schema\/logo\/image\/"},"sameAs":["https:\/\/www.facebook.com\/LePrintemps38","https:\/\/x.com\/GroupeUGES38"]}]}},"_links":{"self":[{"href":"https:\/\/www.uges-isere.fr\/index.php\/wp-json\/wp\/v2\/pages\/50317","targetHints":{"allow":["GET"]}}],"collection":[{"href":"https:\/\/www.uges-isere.fr\/index.php\/wp-json\/wp\/v2\/pages"}],"about":[{"href":"https:\/\/www.uges-isere.fr\/index.php\/wp-json\/wp\/v2\/types\/page"}],"author":[{"embeddable":true,"href":"https:\/\/www.uges-isere.fr\/index.php\/wp-json\/wp\/v2\/users\/1"}],"replies":[{"embeddable":true,"href":"https:\/\/www.uges-isere.fr\/index.php\/wp-json\/wp\/v2\/comments?post=50317"}],"version-history":[{"count":7,"href":"https:\/\/www.uges-isere.fr\/index.php\/wp-json\/wp\/v2\/pages\/50317\/revisions"}],"predecessor-version":[{"id":81533,"href":"https:\/\/www.uges-isere.fr\/index.php\/wp-json\/wp\/v2\/pages\/50317\/revisions\/81533"}],"wp:attachment":[{"href":"https:\/\/www.uges-isere.fr\/index.php\/wp-json\/wp\/v2\/media?parent=50317"}],"curies":[{"name":"wp","href":"https:\/\/api.w.org\/{rel}","templated":true}]}}

Canton de Bièvre

<h2 class="wp-block-heading"></h2>



<p></p>



<p>&#8211; adresse mail de contact: <a rel="noreferrer noopener" href="mailto:bievre.pi@gmail.com" target="_blank">bievre.pi@gmail.com</a>&#8211; Pour nous rencontrer et échanger sur les marchés du territoire, nous serons présents de <strong>9h00 à 11H00</strong>:<br></p>



<p><strong>&#8211; Lundi 07/06 à Roybon,</strong></p>



<p><strong>&#8211; Mardi 08/06  à Viriville</strong></p>



<p><strong>&#8211; Mercredi 09/06 à St Siméon de Bressieux</strong></p>



<p><strong>&#8211; Samedi 12/06 à La Côte Saint André</strong></p>



<p><strong>&#8211; Lundi 14/06 à St Etienne de St geoirs</strong></p>



<p><strong>&#8211; Jeudi 17/06 à La Côte Saint André</strong></p>



<p><strong>&#8211; Vendredi 18/06 à Villeneuve de Marc</strong></p>



<p></p>



<p></p>



<p>[tmm name= »canton-de-brieve »]</p>



<p>[dflip id= »59803&Prime; ][/dflip]</p>

<p>&#8211; adresse mail de contact: bievre.pi@gmail.com&#8211; Pour nous rencontrer et échanger sur les marchés du territoire, nous serons présents &hellip; </p>

<!-- This site is optimized with the Yoast SEO plugin v27.5 - https://yoast.com/product/yoast-seo-wordpress/ -->
<title>Canton de Bièvre - Département de l&#039;Isère</title>
<meta name="robots" content="index, follow, max-snippet:-1, max-image-preview:large, max-video-preview:-1" />
<link rel="canonical" href="https://www.uges-isere.fr/index.php/bievre/" />
<meta property="og:locale" content="fr_FR" />
<meta property="og:type" content="article" />
<meta property="og:title" content="Canton de Bièvre - Département de l&#039;Isère" />
<meta property="og:description" content="&#8211; adresse mail de contact: bievre.pi@gmail.com&#8211; Pour nous rencontrer et échanger sur les marchés du territoire, nous serons présents &hellip;" />
<meta property="og:url" content="https://www.uges-isere.fr/index.php/bievre/" />
<meta property="og:site_name" content="Département de l&#039;Isère" />
<meta property="article:publisher" content="https://www.facebook.com/LePrintemps38" />
<meta property="article:modified_time" content="2021-06-07T08:16:42+00:00" />
<meta name="twitter:card" content="summary_large_image" />
<meta name="twitter:site" content="@GroupeUGES38" />
<script type="application/ld+json" class="yoast-schema-graph">{"@context":"https:\/\/schema.org","@graph":[{"@type":"WebPage","@id":"https:\/\/www.uges-isere.fr\/index.php\/bievre\/","url":"https:\/\/www.uges-isere.fr\/index.php\/bievre\/","name":"Canton de Bièvre - Département de l&#039;Isère","isPartOf":{"@id":"https:\/\/www.uges-isere.fr\/#website"},"datePublished":"2021-05-11T14:50:29+00:00","dateModified":"2021-06-07T08:16:42+00:00","breadcrumb":{"@id":"https:\/\/www.uges-isere.fr\/index.php\/bievre\/#breadcrumb"},"inLanguage":"fr-FR","potentialAction":[{"@type":"ReadAction","target":["https:\/\/www.uges-isere.fr\/index.php\/bievre\/"]}]},{"@type":"BreadcrumbList","@id":"https:\/\/www.uges-isere.fr\/index.php\/bievre\/#breadcrumb","itemListElement":[{"@type":"ListItem","position":1,"name":"Accueil","item":"https:\/\/www.uges-isere.fr\/"},{"@type":"ListItem","position":2,"name":"Canton de Bièvre"}]},{"@type":"WebSite","@id":"https:\/\/www.uges-isere.fr\/#website","url":"https:\/\/www.uges-isere.fr\/","name":"Département de l&#039;Isère","description":"Groupe d&#039;opposition UGES","publisher":{"@id":"https:\/\/www.uges-isere.fr\/#organization"},"potentialAction":[{"@type":"SearchAction","target":{"@type":"EntryPoint","urlTemplate":"https:\/\/www.uges-isere.fr\/?s={search_term_string}"},"query-input":{"@type":"PropertyValueSpecification","valueRequired":true,"valueName":"search_term_string"}}],"inLanguage":"fr-FR"},{"@type":"Organization","@id":"https:\/\/www.uges-isere.fr\/#organization","name":"Département de l'Isère","url":"https:\/\/www.uges-isere.fr\/","logo":{"@type":"ImageObject","inLanguage":"fr-FR","@id":"https:\/\/www.uges-isere.fr\/#\/schema\/logo\/image\/","url":"https:\/\/www.uges-isere.fr\/wp-content\/uploads\/2021\/10\/logo-ok.png","contentUrl":"https:\/\/www.uges-isere.fr\/wp-content\/uploads\/2021\/10\/logo-ok.png","width":2859,"height":1816,"caption":"Département de l'Isère"},"image":{"@id":"https:\/\/www.uges-isere.fr\/#\/schema\/logo\/image\/"},"sameAs":["https:\/\/www.facebook.com\/LePrintemps38","https:\/\/x.com\/GroupeUGES38"]}]}</script>
<!-- / Yoast SEO plugin. -->

Canton de Bièvre - Département de l&#039;Isère

&#8211; adresse mail de contact: bievre.pi@gmail.com&#8211; Pour nous rencontrer et échanger sur les marchés du territoire, nous serons présents &hellip;

Département de l&#039;Isère

Département de l'Isère
