{"id":360462,"date":"2022-02-22T09:43:05","date_gmt":"2022-02-22T08:43:05","guid":{"rendered":"https:\/\/www.uges-isere.fr\/?page_id=360462"},"modified":"2022-09-13T11:23:46","modified_gmt":"2022-09-13T09:23:46","slug":"initiatives-locales-canton-de-grenoble-4","status":"publish","type":"page","link":"https:\/\/www.uges-isere.fr\/index.php\/initiatives-locales-canton-de-grenoble-4\/","title":{"rendered":"Initiatives locales 2021 &#8211; Canton de Grenoble 4"},"content":{"rendered":"\n<p><strong>Retrouvez ici les subventions accord\u00e9es aux associations par vos conseillers d\u00e9partementaux du canton de Grenoble 4 en 2021, dans le cadre des initiatives locales.<\/strong><\/p>\n\n\n\n<p><strong><em>Avril 2021<\/em><\/strong><\/p>\n\n\n\n<p>Association : <strong>La Marmitte<\/strong>, achat de mat\u00e9riels (machines \u00e0 coudre, vid\u00e9o et son), d&rsquo;un montant de 2500 euros<\/p>\n\n\n\n<p>Association : <strong>Accueil des demandeurs d&rsquo;Asile &#8211; ADA<\/strong>, poursuite de l&rsquo;action de d\u00e9veloppement de l&rsquo;observatoire de l&rsquo;asile en Is\u00e8re (OASIS), d&rsquo;un montant de 1500 euros <\/p>\n\n\n\n<p>Association :<strong> Association de parrainage r\u00e9publicain des demandeurs d&rsquo;asile et de protection (APARDAP)<\/strong>, projet de cr\u00e9ation d&rsquo;une pi\u00e8ce de th\u00e9\u00e2tre par \u00ab\u00a0les indisciplin\u00e9s\u00a0\u00bb, d&rsquo;un montant de 2500 euros <\/p>\n\n\n\n<p>Association : <strong>Association pour le d\u00e9veloppement des sports de sable (AD2S)<\/strong>, projet d&rsquo;accueil et de mise \u00e0 disposition de cr\u00e9neaux pour publics \u00e9loign\u00e9s ou emp\u00each\u00e9s, d&rsquo;un montant de 2000 euros<\/p>\n\n\n\n<p>Association : <strong>Grenoble Karat\u00e9 Academy<\/strong>, d\u00e9penses de fonctionnement, d&rsquo;un montant de 2700 euros <\/p>\n\n\n\n<p><strong><em>Mai 2021<\/em><\/strong><\/p>\n\n\n\n<p>Association : <strong>C Nous<\/strong>, d\u00e9penses de fonctionnement, d&rsquo;un montant de 2000 euros <\/p>\n\n\n\n<p>Association : <strong>Les Egales<\/strong>, cr\u00e9ation d&rsquo;une exposition \u00ab\u00a0Femmes Remaquables\u00a0\u00bb de l&rsquo;Is\u00e8re, d&rsquo;un montant de 500 euros<\/p>\n\n\n\n<p>Association : <strong>Association L&rsquo;Age d&rsquo;Or<\/strong>, d\u00e9penses de fonctionnement, d&rsquo;un montant de 1500 euros<\/p>\n\n\n\n<p>Association : <strong>Comit\u00e9 de soutien aux r\u00e9fugi\u00e9s alg\u00e9riens<\/strong>, d\u00e9penses de fonctionnement, d&rsquo;un montant de 1500 euros <\/p>\n\n\n\n<p>Association : <strong>MJC Th\u00e9atre Pr\u00e9mol<\/strong>, projet artistique pluridisciplinaire intitul\u00e9 \u00ab\u00a0le deuil et le manque de diversit\u00e9 sur les plateaux de th\u00e9\u00e2tre\u00a0\u00bb, d&rsquo;un montant de 3500 euros <\/p>\n\n\n\n<p><\/p>\n\n\n\n<p><strong><em>Octobre 2021<\/em><\/strong><\/p>\n\n\n\n<p>Association : <strong>Le Collectif des Usagers de la Bifurk<\/strong> pour l&rsquo;organisation de la 7\u00e8me \u00e9dition du festival \u00ab\u00a0Les Bifurkations\u00a0\u00bb, d&rsquo;un montant de <strong>2000 euros <\/strong><\/p>\n\n\n\n<p>Association : <strong>Association Espace 60<\/strong> pour la participation au projet 2021 \u00ab\u00a0Avignon Enfants \u00e0 l&rsquo;Honneur\u00a0\u00bb \u00e0 l&rsquo;occasion du festival d&rsquo;Avignon, d&rsquo;un montant de<strong> 3000 euros<\/strong><\/p>\n\n\n\n<p>Association : <strong>Maison des jeunes et de la culture Lucie Aubrac<\/strong> pour l&rsquo;organisation de deux f\u00eates de quartier en 2021, d&rsquo;un montant de<strong> 4000 euros<\/strong><\/p>\n\n\n\n<p>Association : <strong>Les Mahou-Minauds<\/strong> pour l&rsquo;achat de mat\u00e9riel (poussettes, d\u00e9guisements, etc\u2026), d&rsquo;un montant de<strong> 3000 euro<\/strong><\/p>\n\n\n\n<p><em>Novembre 2021<\/em><\/p>\n\n\n\n<p>Association : <strong>G\u00e9n\u00e9ration Pr\u00e9carit\u00e9<\/strong> pour l&rsquo;acquisition d&rsquo;un v\u00e9hicule de transport, d&rsquo;un montant de<strong> 2000 euros<\/strong><\/p>\n\n\n\n<p>Association : <strong>Unit\u00e9 sportive du Village Olympique<\/strong>, pour des d\u00e9penses de fonctionnement, d&rsquo;un montant de 2031 euros <\/p>\n\n\n\n<p><\/p>\n\n\n\n<p><\/p>\n","protected":false},"excerpt":{"rendered":"<p>Retrouvez ici les subventions accord\u00e9es aux associations par vos conseillers d\u00e9partementaux du canton de Grenoble 4 en 2021, &hellip; <\/p>\n","protected":false},"author":8,"featured_media":0,"parent":0,"menu_order":0,"comment_status":"closed","ping_status":"closed","template":"","meta":{"_mc_calendar":[],"footnotes":""},"class_list":["post-360462","page","type-page","status-publish","hentry"],"yoast_head":"<!-- This site is optimized with the Yoast SEO plugin v27.5 - https:\/\/yoast.com\/product\/yoast-seo-wordpress\/ -->\n<title>Initiatives locales 2021 - Canton de Grenoble 4 - D\u00e9partement de l&#039;Is\u00e8re<\/title>\n<meta name=\"robots\" content=\"index, follow, max-snippet:-1, max-image-preview:large, max-video-preview:-1\" \/>\n<link rel=\"canonical\" href=\"https:\/\/www.uges-isere.fr\/index.php\/initiatives-locales-canton-de-grenoble-4\/\" \/>\n<meta property=\"og:locale\" content=\"fr_FR\" \/>\n<meta property=\"og:type\" content=\"article\" \/>\n<meta property=\"og:title\" content=\"Initiatives locales 2021 - Canton de Grenoble 4 - D\u00e9partement de l&#039;Is\u00e8re\" \/>\n<meta property=\"og:description\" content=\"Retrouvez ici les subventions accord\u00e9es aux associations par vos conseillers d\u00e9partementaux du canton de Grenoble 4 en 2021, &hellip;\" \/>\n<meta property=\"og:url\" content=\"https:\/\/www.uges-isere.fr\/index.php\/initiatives-locales-canton-de-grenoble-4\/\" \/>\n<meta property=\"og:site_name\" content=\"D\u00e9partement de l&#039;Is\u00e8re\" \/>\n<meta property=\"article:publisher\" content=\"https:\/\/www.facebook.com\/LePrintemps38\" \/>\n<meta property=\"article:modified_time\" content=\"2022-09-13T09:23:46+00:00\" \/>\n<meta name=\"twitter:card\" content=\"summary_large_image\" \/>\n<meta name=\"twitter:site\" content=\"@GroupeUGES38\" \/>\n<meta name=\"twitter:label1\" content=\"Dur\u00e9e de lecture estim\u00e9e\" \/>\n\t<meta name=\"twitter:data1\" content=\"2 minutes\" \/>\n<script type=\"application\/ld+json\" class=\"yoast-schema-graph\">{\"@context\":\"https:\\\/\\\/schema.org\",\"@graph\":[{\"@type\":\"WebPage\",\"@id\":\"https:\\\/\\\/www.uges-isere.fr\\\/index.php\\\/initiatives-locales-canton-de-grenoble-4\\\/\",\"url\":\"https:\\\/\\\/www.uges-isere.fr\\\/index.php\\\/initiatives-locales-canton-de-grenoble-4\\\/\",\"name\":\"Initiatives locales 2021 - Canton de Grenoble 4 - D\u00e9partement de l&#039;Is\u00e8re\",\"isPartOf\":{\"@id\":\"https:\\\/\\\/www.uges-isere.fr\\\/#website\"},\"datePublished\":\"2022-02-22T08:43:05+00:00\",\"dateModified\":\"2022-09-13T09:23:46+00:00\",\"breadcrumb\":{\"@id\":\"https:\\\/\\\/www.uges-isere.fr\\\/index.php\\\/initiatives-locales-canton-de-grenoble-4\\\/#breadcrumb\"},\"inLanguage\":\"fr-FR\",\"potentialAction\":[{\"@type\":\"ReadAction\",\"target\":[\"https:\\\/\\\/www.uges-isere.fr\\\/index.php\\\/initiatives-locales-canton-de-grenoble-4\\\/\"]}]},{\"@type\":\"BreadcrumbList\",\"@id\":\"https:\\\/\\\/www.uges-isere.fr\\\/index.php\\\/initiatives-locales-canton-de-grenoble-4\\\/#breadcrumb\",\"itemListElement\":[{\"@type\":\"ListItem\",\"position\":1,\"name\":\"Accueil\",\"item\":\"https:\\\/\\\/www.uges-isere.fr\\\/\"},{\"@type\":\"ListItem\",\"position\":2,\"name\":\"Initiatives locales 2021 &#8211; Canton de Grenoble 4\"}]},{\"@type\":\"WebSite\",\"@id\":\"https:\\\/\\\/www.uges-isere.fr\\\/#website\",\"url\":\"https:\\\/\\\/www.uges-isere.fr\\\/\",\"name\":\"D\u00e9partement de l&#039;Is\u00e8re\",\"description\":\"Groupe d&#039;opposition UGES\",\"publisher\":{\"@id\":\"https:\\\/\\\/www.uges-isere.fr\\\/#organization\"},\"potentialAction\":[{\"@type\":\"SearchAction\",\"target\":{\"@type\":\"EntryPoint\",\"urlTemplate\":\"https:\\\/\\\/www.uges-isere.fr\\\/?s={search_term_string}\"},\"query-input\":{\"@type\":\"PropertyValueSpecification\",\"valueRequired\":true,\"valueName\":\"search_term_string\"}}],\"inLanguage\":\"fr-FR\"},{\"@type\":\"Organization\",\"@id\":\"https:\\\/\\\/www.uges-isere.fr\\\/#organization\",\"name\":\"D\u00e9partement de l'Is\u00e8re\",\"url\":\"https:\\\/\\\/www.uges-isere.fr\\\/\",\"logo\":{\"@type\":\"ImageObject\",\"inLanguage\":\"fr-FR\",\"@id\":\"https:\\\/\\\/www.uges-isere.fr\\\/#\\\/schema\\\/logo\\\/image\\\/\",\"url\":\"https:\\\/\\\/www.uges-isere.fr\\\/wp-content\\\/uploads\\\/2021\\\/10\\\/logo-ok.png\",\"contentUrl\":\"https:\\\/\\\/www.uges-isere.fr\\\/wp-content\\\/uploads\\\/2021\\\/10\\\/logo-ok.png\",\"width\":2859,\"height\":1816,\"caption\":\"D\u00e9partement de l'Is\u00e8re\"},\"image\":{\"@id\":\"https:\\\/\\\/www.uges-isere.fr\\\/#\\\/schema\\\/logo\\\/image\\\/\"},\"sameAs\":[\"https:\\\/\\\/www.facebook.com\\\/LePrintemps38\",\"https:\\\/\\\/x.com\\\/GroupeUGES38\"]}]}<\/script>\n<!-- \/ Yoast SEO plugin. -->","yoast_head_json":{"title":"Initiatives locales 2021 - Canton de Grenoble 4 - D\u00e9partement de l&#039;Is\u00e8re","robots":{"index":"index","follow":"follow","max-snippet":"max-snippet:-1","max-image-preview":"max-image-preview:large","max-video-preview":"max-video-preview:-1"},"canonical":"https:\/\/www.uges-isere.fr\/index.php\/initiatives-locales-canton-de-grenoble-4\/","og_locale":"fr_FR","og_type":"article","og_title":"Initiatives locales 2021 - Canton de Grenoble 4 - D\u00e9partement de l&#039;Is\u00e8re","og_description":"Retrouvez ici les subventions accord\u00e9es aux associations par vos conseillers d\u00e9partementaux du canton de Grenoble 4 en 2021, &hellip;","og_url":"https:\/\/www.uges-isere.fr\/index.php\/initiatives-locales-canton-de-grenoble-4\/","og_site_name":"D\u00e9partement de l&#039;Is\u00e8re","article_publisher":"https:\/\/www.facebook.com\/LePrintemps38","article_modified_time":"2022-09-13T09:23:46+00:00","twitter_card":"summary_large_image","twitter_site":"@GroupeUGES38","twitter_misc":{"Dur\u00e9e de lecture estim\u00e9e":"2 minutes"},"schema":{"@context":"https:\/\/schema.org","@graph":[{"@type":"WebPage","@id":"https:\/\/www.uges-isere.fr\/index.php\/initiatives-locales-canton-de-grenoble-4\/","url":"https:\/\/www.uges-isere.fr\/index.php\/initiatives-locales-canton-de-grenoble-4\/","name":"Initiatives locales 2021 - Canton de Grenoble 4 - D\u00e9partement de l&#039;Is\u00e8re","isPartOf":{"@id":"https:\/\/www.uges-isere.fr\/#website"},"datePublished":"2022-02-22T08:43:05+00:00","dateModified":"2022-09-13T09:23:46+00:00","breadcrumb":{"@id":"https:\/\/www.uges-isere.fr\/index.php\/initiatives-locales-canton-de-grenoble-4\/#breadcrumb"},"inLanguage":"fr-FR","potentialAction":[{"@type":"ReadAction","target":["https:\/\/www.uges-isere.fr\/index.php\/initiatives-locales-canton-de-grenoble-4\/"]}]},{"@type":"BreadcrumbList","@id":"https:\/\/www.uges-isere.fr\/index.php\/initiatives-locales-canton-de-grenoble-4\/#breadcrumb","itemListElement":[{"@type":"ListItem","position":1,"name":"Accueil","item":"https:\/\/www.uges-isere.fr\/"},{"@type":"ListItem","position":2,"name":"Initiatives locales 2021 &#8211; Canton de Grenoble 4"}]},{"@type":"WebSite","@id":"https:\/\/www.uges-isere.fr\/#website","url":"https:\/\/www.uges-isere.fr\/","name":"D\u00e9partement de l&#039;Is\u00e8re","description":"Groupe d&#039;opposition UGES","publisher":{"@id":"https:\/\/www.uges-isere.fr\/#organization"},"potentialAction":[{"@type":"SearchAction","target":{"@type":"EntryPoint","urlTemplate":"https:\/\/www.uges-isere.fr\/?s={search_term_string}"},"query-input":{"@type":"PropertyValueSpecification","valueRequired":true,"valueName":"search_term_string"}}],"inLanguage":"fr-FR"},{"@type":"Organization","@id":"https:\/\/www.uges-isere.fr\/#organization","name":"D\u00e9partement de l'Is\u00e8re","url":"https:\/\/www.uges-isere.fr\/","logo":{"@type":"ImageObject","inLanguage":"fr-FR","@id":"https:\/\/www.uges-isere.fr\/#\/schema\/logo\/image\/","url":"https:\/\/www.uges-isere.fr\/wp-content\/uploads\/2021\/10\/logo-ok.png","contentUrl":"https:\/\/www.uges-isere.fr\/wp-content\/uploads\/2021\/10\/logo-ok.png","width":2859,"height":1816,"caption":"D\u00e9partement de l'Is\u00e8re"},"image":{"@id":"https:\/\/www.uges-isere.fr\/#\/schema\/logo\/image\/"},"sameAs":["https:\/\/www.facebook.com\/LePrintemps38","https:\/\/x.com\/GroupeUGES38"]}]}},"_links":{"self":[{"href":"https:\/\/www.uges-isere.fr\/index.php\/wp-json\/wp\/v2\/pages\/360462","targetHints":{"allow":["GET"]}}],"collection":[{"href":"https:\/\/www.uges-isere.fr\/index.php\/wp-json\/wp\/v2\/pages"}],"about":[{"href":"https:\/\/www.uges-isere.fr\/index.php\/wp-json\/wp\/v2\/types\/page"}],"author":[{"embeddable":true,"href":"https:\/\/www.uges-isere.fr\/index.php\/wp-json\/wp\/v2\/users\/8"}],"replies":[{"embeddable":true,"href":"https:\/\/www.uges-isere.fr\/index.php\/wp-json\/wp\/v2\/comments?post=360462"}],"version-history":[{"count":4,"href":"https:\/\/www.uges-isere.fr\/index.php\/wp-json\/wp\/v2\/pages\/360462\/revisions"}],"predecessor-version":[{"id":603110,"href":"https:\/\/www.uges-isere.fr\/index.php\/wp-json\/wp\/v2\/pages\/360462\/revisions\/603110"}],"wp:attachment":[{"href":"https:\/\/www.uges-isere.fr\/index.php\/wp-json\/wp\/v2\/media?parent=360462"}],"curies":[{"name":"wp","href":"https:\/\/api.w.org\/{rel}","templated":true}]}}

<p><strong>Retrouvez ici les subventions accordées aux associations par vos conseillers départementaux du canton de Grenoble 4 en 2021, dans le cadre des initiatives locales.</strong></p>



<p><strong><em>Avril 2021</em></strong></p>



<p>Association : <strong>La Marmitte</strong>, achat de matériels (machines à coudre, vidéo et son), d&rsquo;un montant de 2500 euros</p>



<p>Association : <strong>Accueil des demandeurs d&rsquo;Asile &#8211; ADA</strong>, poursuite de l&rsquo;action de développement de l&rsquo;observatoire de l&rsquo;asile en Isère (OASIS), d&rsquo;un montant de 1500 euros </p>



<p>Association :<strong> Association de parrainage républicain des demandeurs d&rsquo;asile et de protection (APARDAP)</strong>, projet de création d&rsquo;une pièce de théâtre par « les indisciplinés », d&rsquo;un montant de 2500 euros </p>



<p>Association : <strong>Association pour le développement des sports de sable (AD2S)</strong>, projet d&rsquo;accueil et de mise à disposition de créneaux pour publics éloignés ou empêchés, d&rsquo;un montant de 2000 euros</p>



<p>Association : <strong>Grenoble Karaté Academy</strong>, dépenses de fonctionnement, d&rsquo;un montant de 2700 euros </p>



<p><strong><em>Mai 2021</em></strong></p>



<p>Association : <strong>C Nous</strong>, dépenses de fonctionnement, d&rsquo;un montant de 2000 euros </p>



<p>Association : <strong>Les Egales</strong>, création d&rsquo;une exposition « Femmes Remaquables » de l&rsquo;Isère, d&rsquo;un montant de 500 euros</p>



<p>Association : <strong>Association L&rsquo;Age d&rsquo;Or</strong>, dépenses de fonctionnement, d&rsquo;un montant de 1500 euros</p>



<p>Association : <strong>Comité de soutien aux réfugiés algériens</strong>, dépenses de fonctionnement, d&rsquo;un montant de 1500 euros </p>



<p>Association : <strong>MJC Théatre Prémol</strong>, projet artistique pluridisciplinaire intitulé « le deuil et le manque de diversité sur les plateaux de théâtre », d&rsquo;un montant de 3500 euros </p>



<p></p>



<p><strong><em>Octobre 2021</em></strong></p>



<p>Association : <strong>Le Collectif des Usagers de la Bifurk</strong> pour l&rsquo;organisation de la 7ème édition du festival « Les Bifurkations », d&rsquo;un montant de <strong>2000 euros </strong></p>



<p>Association : <strong>Association Espace 60</strong> pour la participation au projet 2021 « Avignon Enfants à l&rsquo;Honneur » à l&rsquo;occasion du festival d&rsquo;Avignon, d&rsquo;un montant de<strong> 3000 euros</strong></p>



<p>Association : <strong>Maison des jeunes et de la culture Lucie Aubrac</strong> pour l&rsquo;organisation de deux fêtes de quartier en 2021, d&rsquo;un montant de<strong> 4000 euros</strong></p>



<p>Association : <strong>Les Mahou-Minauds</strong> pour l&rsquo;achat de matériel (poussettes, déguisements, etc…), d&rsquo;un montant de<strong> 3000 euro</strong></p>



<p><em>Novembre 2021</em></p>



<p>Association : <strong>Génération Précarité</strong> pour l&rsquo;acquisition d&rsquo;un véhicule de transport, d&rsquo;un montant de<strong> 2000 euros</strong></p>



<p>Association : <strong>Unité sportive du Village Olympique</strong>, pour des dépenses de fonctionnement, d&rsquo;un montant de 2031 euros </p>



<p></p>



<p></p>

<p>Retrouvez ici les subventions accordées aux associations par vos conseillers départementaux du canton de Grenoble 4 en 2021, &hellip; </p>

<!-- This site is optimized with the Yoast SEO plugin v27.5 - https://yoast.com/product/yoast-seo-wordpress/ -->
<title>Initiatives locales 2021 - Canton de Grenoble 4 - Département de l&#039;Isère</title>
<meta name="robots" content="index, follow, max-snippet:-1, max-image-preview:large, max-video-preview:-1" />
<link rel="canonical" href="https://www.uges-isere.fr/index.php/initiatives-locales-canton-de-grenoble-4/" />
<meta property="og:locale" content="fr_FR" />
<meta property="og:type" content="article" />
<meta property="og:title" content="Initiatives locales 2021 - Canton de Grenoble 4 - Département de l&#039;Isère" />
<meta property="og:description" content="Retrouvez ici les subventions accordées aux associations par vos conseillers départementaux du canton de Grenoble 4 en 2021, &hellip;" />
<meta property="og:url" content="https://www.uges-isere.fr/index.php/initiatives-locales-canton-de-grenoble-4/" />
<meta property="og:site_name" content="Département de l&#039;Isère" />
<meta property="article:publisher" content="https://www.facebook.com/LePrintemps38" />
<meta property="article:modified_time" content="2022-09-13T09:23:46+00:00" />
<meta name="twitter:card" content="summary_large_image" />
<meta name="twitter:site" content="@GroupeUGES38" />
<meta name="twitter:label1" content="Durée de lecture estimée" />
	<meta name="twitter:data1" content="2 minutes" />
<script type="application/ld+json" class="yoast-schema-graph">{"@context":"https:\/\/schema.org","@graph":[{"@type":"WebPage","@id":"https:\/\/www.uges-isere.fr\/index.php\/initiatives-locales-canton-de-grenoble-4\/","url":"https:\/\/www.uges-isere.fr\/index.php\/initiatives-locales-canton-de-grenoble-4\/","name":"Initiatives locales 2021 - Canton de Grenoble 4 - Département de l&#039;Isère","isPartOf":{"@id":"https:\/\/www.uges-isere.fr\/#website"},"datePublished":"2022-02-22T08:43:05+00:00","dateModified":"2022-09-13T09:23:46+00:00","breadcrumb":{"@id":"https:\/\/www.uges-isere.fr\/index.php\/initiatives-locales-canton-de-grenoble-4\/#breadcrumb"},"inLanguage":"fr-FR","potentialAction":[{"@type":"ReadAction","target":["https:\/\/www.uges-isere.fr\/index.php\/initiatives-locales-canton-de-grenoble-4\/"]}]},{"@type":"BreadcrumbList","@id":"https:\/\/www.uges-isere.fr\/index.php\/initiatives-locales-canton-de-grenoble-4\/#breadcrumb","itemListElement":[{"@type":"ListItem","position":1,"name":"Accueil","item":"https:\/\/www.uges-isere.fr\/"},{"@type":"ListItem","position":2,"name":"Initiatives locales 2021 &#8211; Canton de Grenoble 4"}]},{"@type":"WebSite","@id":"https:\/\/www.uges-isere.fr\/#website","url":"https:\/\/www.uges-isere.fr\/","name":"Département de l&#039;Isère","description":"Groupe d&#039;opposition UGES","publisher":{"@id":"https:\/\/www.uges-isere.fr\/#organization"},"potentialAction":[{"@type":"SearchAction","target":{"@type":"EntryPoint","urlTemplate":"https:\/\/www.uges-isere.fr\/?s={search_term_string}"},"query-input":{"@type":"PropertyValueSpecification","valueRequired":true,"valueName":"search_term_string"}}],"inLanguage":"fr-FR"},{"@type":"Organization","@id":"https:\/\/www.uges-isere.fr\/#organization","name":"Département de l'Isère","url":"https:\/\/www.uges-isere.fr\/","logo":{"@type":"ImageObject","inLanguage":"fr-FR","@id":"https:\/\/www.uges-isere.fr\/#\/schema\/logo\/image\/","url":"https:\/\/www.uges-isere.fr\/wp-content\/uploads\/2021\/10\/logo-ok.png","contentUrl":"https:\/\/www.uges-isere.fr\/wp-content\/uploads\/2021\/10\/logo-ok.png","width":2859,"height":1816,"caption":"Département de l'Isère"},"image":{"@id":"https:\/\/www.uges-isere.fr\/#\/schema\/logo\/image\/"},"sameAs":["https:\/\/www.facebook.com\/LePrintemps38","https:\/\/x.com\/GroupeUGES38"]}]}</script>
<!-- / Yoast SEO plugin. -->

Initiatives locales 2021 - Canton de Grenoble 4 - Département de l&#039;Isère

Retrouvez ici les subventions accordées aux associations par vos conseillers départementaux du canton de Grenoble 4 en 2021, &hellip;

Département de l&#039;Isère

Département de l'Isère
