{"id":163403,"date":"2021-08-24T09:27:31","date_gmt":"2021-08-24T07:27:31","guid":{"rendered":"https:\/\/www.uges-isere.fr\/?page_id=163403"},"modified":"2024-03-06T10:58:48","modified_gmt":"2024-03-06T09:58:48","slug":"dispositif-initiatives-locales","status":"publish","type":"page","link":"https:\/\/www.uges-isere.fr\/index.php\/dispositif-initiatives-locales\/","title":{"rendered":"Les conseillers et conseill\u00e8res d\u00e9partementaux du groupe UGES soutiennent vos projets !"},"content":{"rendered":"\n<p>Parmi les nombreux dispositifs d\u00e9partementaux de soutien aux initiatives des associations de l\u2019Is\u00e8re, les conseillers et conseill\u00e8res d\u00e9partementaux <strong>peuvent accompagner les projets de proximit\u00e9 que vous portez \u00e0 travers le dispositif \u00ab&nbsp;initiatives locales&nbsp;\u00bb<\/strong>. <\/p>\n\n\n\n<p>Ce dispositif permet \u00e0 chaque bin\u00f4me de Conseillers d\u00e9partementaux d\u2019intervenir en faveur des associations locales afin de soutenir le tissu associatif is\u00e9rois. Les \u00ab\u00a0initiatives locales\u00a0\u00bb permettent ainsi de soutenir les \u00ab&nbsp;petits&nbsp;\u00bb projets ou initiatives de proximit\u00e9 qui ne trouvent pas d\u2019\u00e9cho au sein des dispositifs d\u00e9partementaux.<\/p>\n\n\n\n<p><strong>Les subventions au titre des initiatives locales peuvent subventionner du fonctionnement, un projet ou une acquisition.<\/strong><br><br>Les<strong> d\u00e9penses d\u2019investissement<\/strong> comme la construction de locaux pour l\u2019association ne pourront \u00eatre subventionn\u00e9es au titre des initiatives locales. En revanche,<strong> les d\u00e9penses de petits am\u00e9nagements, de r\u00e9parations et d\u2019\u00e9quipement, ainsi que l\u2019achat de mat\u00e9riel <\/strong>pourront \u00eatre prises en compte dans les subventions d\u2019investissement.<\/p>\n\n\n\n<p>Un <strong>montant minimum d\u2019aide est arr\u00eat\u00e9 \u00e0 la somme de 400 \u20ac<\/strong> afin que le montant de la subvention ne soit pas inf\u00e9rieur au co\u00fbt de traitement du dossier<\/p>\n\n\n\n<p>Si vous souhaitez \u00eatre accompagn\u00e9 dans la r\u00e9alisation de l\u2019un de vos projets, nous vous invitons \u00e0 contacter nos collaboratrices <em>Graziella Decorps ou Sylvie Le Goff . <\/em>Nous conviendrons d\u2019un rendez-vous pour \u00e9changer ensemble sur votre projet. <\/p>\n\n\n\n<p>Contact : <\/p>\n\n\n\n<ul class=\"wp-block-list\">\n<li><a href=\"mailto:graziella.decorps@isere.fr\"><em>graziella.decorps@isere.fr<\/em><\/a><em> ou par tel : 04 76 00 37 <\/em>45 (pour les cantons de Grenoble 4, Oisans Romanche et Tullins)<\/li>\n<\/ul>\n\n\n\n<ul class=\"wp-block-list\">\n<li><a href=\"mailto:sylvie.le-goff@isere.fr\"><\/a><em><a href=\"mailto:sylvie.le-goff@isere.fr\"><em>sylvie.le-goff@isere.fr<\/em><\/a><\/em> <a href=\"mailto:sylvie.le-goff@isere.fr\"><\/a>ou par tel : <em>04 76 00 37 43<\/em> (pour les cantons de Grenoble 1, Grenoble 2 et Grenoble 3, Echirolles et Saint-Martin-d&rsquo;H\u00e8res)<\/li>\n<\/ul>\n","protected":false},"excerpt":{"rendered":"<p>Parmi les nombreux dispositifs d\u00e9partementaux de soutien aux initiatives des associations de l\u2019Is\u00e8re, les conseillers et conseill\u00e8res d\u00e9partementaux &hellip; <\/p>\n","protected":false},"author":8,"featured_media":0,"parent":0,"menu_order":0,"comment_status":"closed","ping_status":"closed","template":"","meta":{"_mc_calendar":[],"footnotes":""},"class_list":["post-163403","page","type-page","status-publish","hentry"],"yoast_head":"<!-- This site is optimized with the Yoast SEO plugin v27.5 - https:\/\/yoast.com\/product\/yoast-seo-wordpress\/ -->\n<title>Les conseillers et conseill\u00e8res d\u00e9partementaux du groupe UGES soutiennent vos projets ! - D\u00e9partement de l&#039;Is\u00e8re<\/title>\n<meta name=\"robots\" content=\"index, follow, max-snippet:-1, max-image-preview:large, max-video-preview:-1\" \/>\n<link rel=\"canonical\" href=\"https:\/\/www.uges-isere.fr\/index.php\/dispositif-initiatives-locales\/\" \/>\n<meta property=\"og:locale\" content=\"fr_FR\" \/>\n<meta property=\"og:type\" content=\"article\" \/>\n<meta property=\"og:title\" content=\"Les conseillers et conseill\u00e8res d\u00e9partementaux du groupe UGES soutiennent vos projets ! - D\u00e9partement de l&#039;Is\u00e8re\" \/>\n<meta property=\"og:description\" content=\"Parmi les nombreux dispositifs d\u00e9partementaux de soutien aux initiatives des associations de l\u2019Is\u00e8re, les conseillers et conseill\u00e8res d\u00e9partementaux &hellip;\" \/>\n<meta property=\"og:url\" content=\"https:\/\/www.uges-isere.fr\/index.php\/dispositif-initiatives-locales\/\" \/>\n<meta property=\"og:site_name\" content=\"D\u00e9partement de l&#039;Is\u00e8re\" \/>\n<meta property=\"article:publisher\" content=\"https:\/\/www.facebook.com\/LePrintemps38\" \/>\n<meta property=\"article:modified_time\" content=\"2024-03-06T09:58:48+00:00\" \/>\n<meta name=\"twitter:card\" content=\"summary_large_image\" \/>\n<meta name=\"twitter:site\" content=\"@GroupeUGES38\" \/>\n<meta name=\"twitter:label1\" content=\"Dur\u00e9e de lecture estim\u00e9e\" \/>\n\t<meta name=\"twitter:data1\" content=\"1 minute\" \/>\n<script type=\"application\/ld+json\" class=\"yoast-schema-graph\">{\"@context\":\"https:\\\/\\\/schema.org\",\"@graph\":[{\"@type\":\"WebPage\",\"@id\":\"https:\\\/\\\/www.uges-isere.fr\\\/index.php\\\/dispositif-initiatives-locales\\\/\",\"url\":\"https:\\\/\\\/www.uges-isere.fr\\\/index.php\\\/dispositif-initiatives-locales\\\/\",\"name\":\"Les conseillers et conseill\u00e8res d\u00e9partementaux du groupe UGES soutiennent vos projets ! - D\u00e9partement de l&#039;Is\u00e8re\",\"isPartOf\":{\"@id\":\"https:\\\/\\\/www.uges-isere.fr\\\/#website\"},\"datePublished\":\"2021-08-24T07:27:31+00:00\",\"dateModified\":\"2024-03-06T09:58:48+00:00\",\"breadcrumb\":{\"@id\":\"https:\\\/\\\/www.uges-isere.fr\\\/index.php\\\/dispositif-initiatives-locales\\\/#breadcrumb\"},\"inLanguage\":\"fr-FR\",\"potentialAction\":[{\"@type\":\"ReadAction\",\"target\":[\"https:\\\/\\\/www.uges-isere.fr\\\/index.php\\\/dispositif-initiatives-locales\\\/\"]}]},{\"@type\":\"BreadcrumbList\",\"@id\":\"https:\\\/\\\/www.uges-isere.fr\\\/index.php\\\/dispositif-initiatives-locales\\\/#breadcrumb\",\"itemListElement\":[{\"@type\":\"ListItem\",\"position\":1,\"name\":\"Accueil\",\"item\":\"https:\\\/\\\/www.uges-isere.fr\\\/\"},{\"@type\":\"ListItem\",\"position\":2,\"name\":\"Les conseillers et conseill\u00e8res d\u00e9partementaux du groupe UGES soutiennent vos projets !\"}]},{\"@type\":\"WebSite\",\"@id\":\"https:\\\/\\\/www.uges-isere.fr\\\/#website\",\"url\":\"https:\\\/\\\/www.uges-isere.fr\\\/\",\"name\":\"D\u00e9partement de l&#039;Is\u00e8re\",\"description\":\"Groupe d&#039;opposition UGES\",\"publisher\":{\"@id\":\"https:\\\/\\\/www.uges-isere.fr\\\/#organization\"},\"potentialAction\":[{\"@type\":\"SearchAction\",\"target\":{\"@type\":\"EntryPoint\",\"urlTemplate\":\"https:\\\/\\\/www.uges-isere.fr\\\/?s={search_term_string}\"},\"query-input\":{\"@type\":\"PropertyValueSpecification\",\"valueRequired\":true,\"valueName\":\"search_term_string\"}}],\"inLanguage\":\"fr-FR\"},{\"@type\":\"Organization\",\"@id\":\"https:\\\/\\\/www.uges-isere.fr\\\/#organization\",\"name\":\"D\u00e9partement de l'Is\u00e8re\",\"url\":\"https:\\\/\\\/www.uges-isere.fr\\\/\",\"logo\":{\"@type\":\"ImageObject\",\"inLanguage\":\"fr-FR\",\"@id\":\"https:\\\/\\\/www.uges-isere.fr\\\/#\\\/schema\\\/logo\\\/image\\\/\",\"url\":\"https:\\\/\\\/www.uges-isere.fr\\\/wp-content\\\/uploads\\\/2021\\\/10\\\/logo-ok.png\",\"contentUrl\":\"https:\\\/\\\/www.uges-isere.fr\\\/wp-content\\\/uploads\\\/2021\\\/10\\\/logo-ok.png\",\"width\":2859,\"height\":1816,\"caption\":\"D\u00e9partement de l'Is\u00e8re\"},\"image\":{\"@id\":\"https:\\\/\\\/www.uges-isere.fr\\\/#\\\/schema\\\/logo\\\/image\\\/\"},\"sameAs\":[\"https:\\\/\\\/www.facebook.com\\\/LePrintemps38\",\"https:\\\/\\\/x.com\\\/GroupeUGES38\"]}]}<\/script>\n<!-- \/ Yoast SEO plugin. -->","yoast_head_json":{"title":"Les conseillers et conseill\u00e8res d\u00e9partementaux du groupe UGES soutiennent vos projets ! - D\u00e9partement de l&#039;Is\u00e8re","robots":{"index":"index","follow":"follow","max-snippet":"max-snippet:-1","max-image-preview":"max-image-preview:large","max-video-preview":"max-video-preview:-1"},"canonical":"https:\/\/www.uges-isere.fr\/index.php\/dispositif-initiatives-locales\/","og_locale":"fr_FR","og_type":"article","og_title":"Les conseillers et conseill\u00e8res d\u00e9partementaux du groupe UGES soutiennent vos projets ! - D\u00e9partement de l&#039;Is\u00e8re","og_description":"Parmi les nombreux dispositifs d\u00e9partementaux de soutien aux initiatives des associations de l\u2019Is\u00e8re, les conseillers et conseill\u00e8res d\u00e9partementaux &hellip;","og_url":"https:\/\/www.uges-isere.fr\/index.php\/dispositif-initiatives-locales\/","og_site_name":"D\u00e9partement de l&#039;Is\u00e8re","article_publisher":"https:\/\/www.facebook.com\/LePrintemps38","article_modified_time":"2024-03-06T09:58:48+00:00","twitter_card":"summary_large_image","twitter_site":"@GroupeUGES38","twitter_misc":{"Dur\u00e9e de lecture estim\u00e9e":"1 minute"},"schema":{"@context":"https:\/\/schema.org","@graph":[{"@type":"WebPage","@id":"https:\/\/www.uges-isere.fr\/index.php\/dispositif-initiatives-locales\/","url":"https:\/\/www.uges-isere.fr\/index.php\/dispositif-initiatives-locales\/","name":"Les conseillers et conseill\u00e8res d\u00e9partementaux du groupe UGES soutiennent vos projets ! - D\u00e9partement de l&#039;Is\u00e8re","isPartOf":{"@id":"https:\/\/www.uges-isere.fr\/#website"},"datePublished":"2021-08-24T07:27:31+00:00","dateModified":"2024-03-06T09:58:48+00:00","breadcrumb":{"@id":"https:\/\/www.uges-isere.fr\/index.php\/dispositif-initiatives-locales\/#breadcrumb"},"inLanguage":"fr-FR","potentialAction":[{"@type":"ReadAction","target":["https:\/\/www.uges-isere.fr\/index.php\/dispositif-initiatives-locales\/"]}]},{"@type":"BreadcrumbList","@id":"https:\/\/www.uges-isere.fr\/index.php\/dispositif-initiatives-locales\/#breadcrumb","itemListElement":[{"@type":"ListItem","position":1,"name":"Accueil","item":"https:\/\/www.uges-isere.fr\/"},{"@type":"ListItem","position":2,"name":"Les conseillers et conseill\u00e8res d\u00e9partementaux du groupe UGES soutiennent vos projets !"}]},{"@type":"WebSite","@id":"https:\/\/www.uges-isere.fr\/#website","url":"https:\/\/www.uges-isere.fr\/","name":"D\u00e9partement de l&#039;Is\u00e8re","description":"Groupe d&#039;opposition UGES","publisher":{"@id":"https:\/\/www.uges-isere.fr\/#organization"},"potentialAction":[{"@type":"SearchAction","target":{"@type":"EntryPoint","urlTemplate":"https:\/\/www.uges-isere.fr\/?s={search_term_string}"},"query-input":{"@type":"PropertyValueSpecification","valueRequired":true,"valueName":"search_term_string"}}],"inLanguage":"fr-FR"},{"@type":"Organization","@id":"https:\/\/www.uges-isere.fr\/#organization","name":"D\u00e9partement de l'Is\u00e8re","url":"https:\/\/www.uges-isere.fr\/","logo":{"@type":"ImageObject","inLanguage":"fr-FR","@id":"https:\/\/www.uges-isere.fr\/#\/schema\/logo\/image\/","url":"https:\/\/www.uges-isere.fr\/wp-content\/uploads\/2021\/10\/logo-ok.png","contentUrl":"https:\/\/www.uges-isere.fr\/wp-content\/uploads\/2021\/10\/logo-ok.png","width":2859,"height":1816,"caption":"D\u00e9partement de l'Is\u00e8re"},"image":{"@id":"https:\/\/www.uges-isere.fr\/#\/schema\/logo\/image\/"},"sameAs":["https:\/\/www.facebook.com\/LePrintemps38","https:\/\/x.com\/GroupeUGES38"]}]}},"_links":{"self":[{"href":"https:\/\/www.uges-isere.fr\/index.php\/wp-json\/wp\/v2\/pages\/163403","targetHints":{"allow":["GET"]}}],"collection":[{"href":"https:\/\/www.uges-isere.fr\/index.php\/wp-json\/wp\/v2\/pages"}],"about":[{"href":"https:\/\/www.uges-isere.fr\/index.php\/wp-json\/wp\/v2\/types\/page"}],"author":[{"embeddable":true,"href":"https:\/\/www.uges-isere.fr\/index.php\/wp-json\/wp\/v2\/users\/8"}],"replies":[{"embeddable":true,"href":"https:\/\/www.uges-isere.fr\/index.php\/wp-json\/wp\/v2\/comments?post=163403"}],"version-history":[{"count":10,"href":"https:\/\/www.uges-isere.fr\/index.php\/wp-json\/wp\/v2\/pages\/163403\/revisions"}],"predecessor-version":[{"id":683976,"href":"https:\/\/www.uges-isere.fr\/index.php\/wp-json\/wp\/v2\/pages\/163403\/revisions\/683976"}],"wp:attachment":[{"href":"https:\/\/www.uges-isere.fr\/index.php\/wp-json\/wp\/v2\/media?parent=163403"}],"curies":[{"name":"wp","href":"https:\/\/api.w.org\/{rel}","templated":true}]}}

Les conseillers et conseillères départementaux du groupe UGES soutiennent vos projets !

<p>Parmi les nombreux dispositifs départementaux de soutien aux initiatives des associations de l’Isère, les conseillers et conseillères départementaux <strong>peuvent accompagner les projets de proximité que vous portez à travers le dispositif «&nbsp;initiatives locales&nbsp;»</strong>. </p>



<p>Ce dispositif permet à chaque binôme de Conseillers départementaux d’intervenir en faveur des associations locales afin de soutenir le tissu associatif isérois. Les « initiatives locales » permettent ainsi de soutenir les «&nbsp;petits&nbsp;» projets ou initiatives de proximité qui ne trouvent pas d’écho au sein des dispositifs départementaux.</p>



<p><strong>Les subventions au titre des initiatives locales peuvent subventionner du fonctionnement, un projet ou une acquisition.</strong><br><br>Les<strong> dépenses d’investissement</strong> comme la construction de locaux pour l’association ne pourront être subventionnées au titre des initiatives locales. En revanche,<strong> les dépenses de petits aménagements, de réparations et d’équipement, ainsi que l’achat de matériel </strong>pourront être prises en compte dans les subventions d’investissement.</p>



<p>Un <strong>montant minimum d’aide est arrêté à la somme de 400 €</strong> afin que le montant de la subvention ne soit pas inférieur au coût de traitement du dossier</p>



<p>Si vous souhaitez être accompagné dans la réalisation de l’un de vos projets, nous vous invitons à contacter nos collaboratrices <em>Graziella Decorps ou Sylvie Le Goff . </em>Nous conviendrons d’un rendez-vous pour échanger ensemble sur votre projet. </p>



<p>Contact : </p>



<ul class="wp-block-list">
<li><a href="mailto:graziella.decorps@isere.fr"><em>graziella.decorps@isere.fr</em></a><em> ou par tel : 04 76 00 37 </em>45 (pour les cantons de Grenoble 4, Oisans Romanche et Tullins)</li>
</ul>



<ul class="wp-block-list">
<li><a href="mailto:sylvie.le-goff@isere.fr"></a><em><a href="mailto:sylvie.le-goff@isere.fr"><em>sylvie.le-goff@isere.fr</em></a></em> <a href="mailto:sylvie.le-goff@isere.fr"></a>ou par tel : <em>04 76 00 37 43</em> (pour les cantons de Grenoble 1, Grenoble 2 et Grenoble 3, Echirolles et Saint-Martin-d&rsquo;Hères)</li>
</ul>

<p>Parmi les nombreux dispositifs départementaux de soutien aux initiatives des associations de l’Isère, les conseillers et conseillères départementaux &hellip; </p>

<!-- This site is optimized with the Yoast SEO plugin v27.5 - https://yoast.com/product/yoast-seo-wordpress/ -->
<title>Les conseillers et conseillères départementaux du groupe UGES soutiennent vos projets ! - Département de l&#039;Isère</title>
<meta name="robots" content="index, follow, max-snippet:-1, max-image-preview:large, max-video-preview:-1" />
<link rel="canonical" href="https://www.uges-isere.fr/index.php/dispositif-initiatives-locales/" />
<meta property="og:locale" content="fr_FR" />
<meta property="og:type" content="article" />
<meta property="og:title" content="Les conseillers et conseillères départementaux du groupe UGES soutiennent vos projets ! - Département de l&#039;Isère" />
<meta property="og:description" content="Parmi les nombreux dispositifs départementaux de soutien aux initiatives des associations de l’Isère, les conseillers et conseillères départementaux &hellip;" />
<meta property="og:url" content="https://www.uges-isere.fr/index.php/dispositif-initiatives-locales/" />
<meta property="og:site_name" content="Département de l&#039;Isère" />
<meta property="article:publisher" content="https://www.facebook.com/LePrintemps38" />
<meta property="article:modified_time" content="2024-03-06T09:58:48+00:00" />
<meta name="twitter:card" content="summary_large_image" />
<meta name="twitter:site" content="@GroupeUGES38" />
<meta name="twitter:label1" content="Durée de lecture estimée" />
	<meta name="twitter:data1" content="1 minute" />
<script type="application/ld+json" class="yoast-schema-graph">{"@context":"https:\/\/schema.org","@graph":[{"@type":"WebPage","@id":"https:\/\/www.uges-isere.fr\/index.php\/dispositif-initiatives-locales\/","url":"https:\/\/www.uges-isere.fr\/index.php\/dispositif-initiatives-locales\/","name":"Les conseillers et conseillères départementaux du groupe UGES soutiennent vos projets ! - Département de l&#039;Isère","isPartOf":{"@id":"https:\/\/www.uges-isere.fr\/#website"},"datePublished":"2021-08-24T07:27:31+00:00","dateModified":"2024-03-06T09:58:48+00:00","breadcrumb":{"@id":"https:\/\/www.uges-isere.fr\/index.php\/dispositif-initiatives-locales\/#breadcrumb"},"inLanguage":"fr-FR","potentialAction":[{"@type":"ReadAction","target":["https:\/\/www.uges-isere.fr\/index.php\/dispositif-initiatives-locales\/"]}]},{"@type":"BreadcrumbList","@id":"https:\/\/www.uges-isere.fr\/index.php\/dispositif-initiatives-locales\/#breadcrumb","itemListElement":[{"@type":"ListItem","position":1,"name":"Accueil","item":"https:\/\/www.uges-isere.fr\/"},{"@type":"ListItem","position":2,"name":"Les conseillers et conseillères départementaux du groupe UGES soutiennent vos projets !"}]},{"@type":"WebSite","@id":"https:\/\/www.uges-isere.fr\/#website","url":"https:\/\/www.uges-isere.fr\/","name":"Département de l&#039;Isère","description":"Groupe d&#039;opposition UGES","publisher":{"@id":"https:\/\/www.uges-isere.fr\/#organization"},"potentialAction":[{"@type":"SearchAction","target":{"@type":"EntryPoint","urlTemplate":"https:\/\/www.uges-isere.fr\/?s={search_term_string}"},"query-input":{"@type":"PropertyValueSpecification","valueRequired":true,"valueName":"search_term_string"}}],"inLanguage":"fr-FR"},{"@type":"Organization","@id":"https:\/\/www.uges-isere.fr\/#organization","name":"Département de l'Isère","url":"https:\/\/www.uges-isere.fr\/","logo":{"@type":"ImageObject","inLanguage":"fr-FR","@id":"https:\/\/www.uges-isere.fr\/#\/schema\/logo\/image\/","url":"https:\/\/www.uges-isere.fr\/wp-content\/uploads\/2021\/10\/logo-ok.png","contentUrl":"https:\/\/www.uges-isere.fr\/wp-content\/uploads\/2021\/10\/logo-ok.png","width":2859,"height":1816,"caption":"Département de l'Isère"},"image":{"@id":"https:\/\/www.uges-isere.fr\/#\/schema\/logo\/image\/"},"sameAs":["https:\/\/www.facebook.com\/LePrintemps38","https:\/\/x.com\/GroupeUGES38"]}]}</script>
<!-- / Yoast SEO plugin. -->

Les conseillers et conseillères départementaux du groupe UGES soutiennent vos projets ! - Département de l&#039;Isère

Parmi les nombreux dispositifs départementaux de soutien aux initiatives des associations de l’Isère, les conseillers et conseillères départementaux &hellip;

Département de l&#039;Isère

Département de l'Isère
